{"id":1044,"date":"2016-10-05T18:15:34","date_gmt":"2016-10-05T16:15:34","guid":{"rendered":"http:\/\/www.tcsl.fr\/?page_id=1044"},"modified":"2019-05-01T11:49:37","modified_gmt":"2019-05-01T09:49:37","slug":"resultats-t-a-r","status":"publish","type":"page","link":"http:\/\/www.tcsl.fr\/index.php\/competitions\/resultats-t-a-r\/","title":{"rendered":"R\u00e9sultats T.A.R."},"content":{"rendered":"<ul>\n<li><a href=\"http:\/\/www.tcsl.fr\/wp-content\/uploads\/2019\/05\/2019-CN-TAR-au-TCSL.pdf\" target=\"_blank\" rel=\"noopener noreferrer\">27 et 28\/04\/2019 Circuit National TAR au TCSL<\/a><\/li>\n<li><a href=\"http:\/\/www.tcsl.fr\/wp-content\/uploads\/2018\/05\/2018-Amical-TAR-au-TCSL.pdf\" target=\"_blank\" rel=\"noopener noreferrer\">05\/05\/2018 Match amical TAR au TCSL<\/a><\/li>\n<li><a href=\"http:\/\/www.tcsl.fr\/wp-content\/uploads\/2018\/04\/2018-Interdepartementaux-TAR-Fr\u00e9jus.pdf\" target=\"_blank\" rel=\"noopener noreferrer\">21 et 22\/04\/2018 Interd\u00e9partementaux TAR \u00e0 Fr\u00e9jus<\/a><\/li>\n<li><a href=\"http:\/\/www.tcsl.fr\/wp-content\/uploads\/2017\/03\/2017-03-11-CN-TAR-au-TCSL.pdf\" target=\"_blank\" rel=\"noopener noreferrer\">11\/03\/2017 Circuit National TAR au TCSL<\/a><\/li>\n<li><a href=\"http:\/\/www.tcsl.fr\/wp-content\/uploads\/2016\/10\/TAR-2016-02-21-Inter-Clubs-TCSL.pdf\" target=\"_blank\" rel=\"noopener noreferrer\">21\/02\/2016 Match amical T.A.R au TCSL<\/a><\/li>\n<li><a href=\"http:\/\/www.tcsl.fr\/wp-content\/uploads\/2016\/10\/TAR-2015-03-14-Inter-Clubs-TCSL.pdf\" target=\"_blank\" rel=\"noopener noreferrer\">14\/03\/2015 Match amical T.A.R au TCSL<\/a><\/li>\n<li><a href=\"http:\/\/www.tcsl.fr\/wp-content\/uploads\/2016\/10\/TAR-2014-03-29-Inter-Clubs-TCSL.pdf\" target=\"_blank\" rel=\"noopener noreferrer\">29\/03\/2014 Match amical T.A.R au TCSL<\/a><\/li>\n<li><a href=\"http:\/\/www.tcsl.fr\/wp-content\/uploads\/2016\/10\/TAR-2013-04-13-Inter-Clubs-TCSL.pdf\" target=\"_blank\" rel=\"noopener noreferrer\">13\/04\/2013 Match amical T.A.R au TCSL<\/a><\/li>\n<li><a href=\"http:\/\/www.tcsl.fr\/wp-content\/uploads\/2016\/10\/TAR-2012-02-25-Inter-Clubs-TCSL.pdf\" target=\"_blank\" rel=\"noopener noreferrer\">25\/02\/2012 Match amical T.A.R au TCSL<\/a><\/li>\n<\/ul>\n","protected":false},"excerpt":{"rendered":"<p>27 et 28\/04\/2019 Circuit National TAR au TCSL 05\/05\/2018 Match amical TAR au TCSL 21 et 22\/04\/2018 Interd\u00e9partementaux TAR \u00e0 Fr\u00e9jus 11\/03\/2017 Circuit National TAR au TCSL 21\/02\/2016 Match amical T.A.R au TCSL 14\/03\/2015 Match amical T.A.R au TCSL 29\/03\/2014 Match amical T.A.R au TCSL 13\/04\/2013 Match amical T.A.R au TCSL 25\/02\/2012 Match amical T.A.R [&hellip;]<\/p>\n","protected":false},"author":1,"featured_media":0,"parent":1038,"menu_order":0,"comment_status":"closed","ping_status":"closed","template":"","meta":{"footnotes":""},"class_list":["post-1044","page","type-page","status-publish","hentry"],"yoast_head":"<!-- This site is optimized with the Yoast SEO plugin v27.3 - https:\/\/yoast.com\/product\/yoast-seo-wordpress\/ -->\n<title>R\u00e9sultats T.A.R. - TCSL<\/title>\n<meta name=\"robots\" content=\"index, follow, max-snippet:-1, max-image-preview:large, max-video-preview:-1\" \/>\n<link rel=\"canonical\" href=\"http:\/\/www.tcsl.fr\/index.php\/competitions\/resultats-t-a-r\/\" \/>\n<meta property=\"og:locale\" content=\"fr_FR\" \/>\n<meta property=\"og:type\" content=\"article\" \/>\n<meta property=\"og:title\" content=\"R\u00e9sultats T.A.R. - TCSL\" \/>\n<meta property=\"og:description\" content=\"27 et 28\/04\/2019 Circuit National TAR au TCSL 05\/05\/2018 Match amical TAR au TCSL 21 et 22\/04\/2018 Interd\u00e9partementaux TAR \u00e0 Fr\u00e9jus 11\/03\/2017 Circuit National TAR au TCSL 21\/02\/2016 Match amical T.A.R au TCSL 14\/03\/2015 Match amical T.A.R au TCSL 29\/03\/2014 Match amical T.A.R au TCSL 13\/04\/2013 Match amical T.A.R au TCSL 25\/02\/2012 Match amical T.A.R [&hellip;]\" \/>\n<meta property=\"og:url\" content=\"http:\/\/www.tcsl.fr\/index.php\/competitions\/resultats-t-a-r\/\" \/>\n<meta property=\"og:site_name\" content=\"TCSL\" \/>\n<meta property=\"article:modified_time\" content=\"2019-05-01T09:49:37+00:00\" \/>\n<meta name=\"twitter:card\" content=\"summary_large_image\" \/>\n<script type=\"application\/ld+json\" class=\"yoast-schema-graph\">{\"@context\":\"https:\\\/\\\/schema.org\",\"@graph\":[{\"@type\":\"WebPage\",\"@id\":\"http:\\\/\\\/www.tcsl.fr\\\/index.php\\\/competitions\\\/resultats-t-a-r\\\/\",\"url\":\"http:\\\/\\\/www.tcsl.fr\\\/index.php\\\/competitions\\\/resultats-t-a-r\\\/\",\"name\":\"R\u00e9sultats T.A.R. - TCSL\",\"isPartOf\":{\"@id\":\"https:\\\/\\\/www.tcsl.fr\\\/#website\"},\"datePublished\":\"2016-10-05T16:15:34+00:00\",\"dateModified\":\"2019-05-01T09:49:37+00:00\",\"breadcrumb\":{\"@id\":\"http:\\\/\\\/www.tcsl.fr\\\/index.php\\\/competitions\\\/resultats-t-a-r\\\/#breadcrumb\"},\"inLanguage\":\"fr-FR\",\"potentialAction\":[{\"@type\":\"ReadAction\",\"target\":[\"http:\\\/\\\/www.tcsl.fr\\\/index.php\\\/competitions\\\/resultats-t-a-r\\\/\"]}]},{\"@type\":\"BreadcrumbList\",\"@id\":\"http:\\\/\\\/www.tcsl.fr\\\/index.php\\\/competitions\\\/resultats-t-a-r\\\/#breadcrumb\",\"itemListElement\":[{\"@type\":\"ListItem\",\"position\":1,\"name\":\"Accueil\",\"item\":\"https:\\\/\\\/www.tcsl.fr\\\/\"},{\"@type\":\"ListItem\",\"position\":2,\"name\":\"Comp\u00e9titions\",\"item\":\"https:\\\/\\\/www.tcsl.fr\\\/index.php\\\/competitions\\\/\"},{\"@type\":\"ListItem\",\"position\":3,\"name\":\"R\u00e9sultats T.A.R.\"}]},{\"@type\":\"WebSite\",\"@id\":\"https:\\\/\\\/www.tcsl.fr\\\/#website\",\"url\":\"https:\\\/\\\/www.tcsl.fr\\\/\",\"name\":\"TCSL\",\"description\":\"Le site du Tir Club Stade Laurentin\",\"publisher\":{\"@id\":\"https:\\\/\\\/www.tcsl.fr\\\/#organization\"},\"potentialAction\":[{\"@type\":\"SearchAction\",\"target\":{\"@type\":\"EntryPoint\",\"urlTemplate\":\"https:\\\/\\\/www.tcsl.fr\\\/?s={search_term_string}\"},\"query-input\":{\"@type\":\"PropertyValueSpecification\",\"valueRequired\":true,\"valueName\":\"search_term_string\"}}],\"inLanguage\":\"fr-FR\"},{\"@type\":\"Organization\",\"@id\":\"https:\\\/\\\/www.tcsl.fr\\\/#organization\",\"name\":\"TCSL\",\"url\":\"https:\\\/\\\/www.tcsl.fr\\\/\",\"logo\":{\"@type\":\"ImageObject\",\"inLanguage\":\"fr-FR\",\"@id\":\"https:\\\/\\\/www.tcsl.fr\\\/#\\\/schema\\\/logo\\\/image\\\/\",\"url\":\"http:\\\/\\\/www.tcsl.fr\\\/wp-content\\\/uploads\\\/2024\\\/10\\\/cropped-cropped-cropped-cropped-cropped-logo-lettrage-degrade-rouge-et-blanc-fond-bleu-300x123-1.jpg\",\"contentUrl\":\"http:\\\/\\\/www.tcsl.fr\\\/wp-content\\\/uploads\\\/2024\\\/10\\\/cropped-cropped-cropped-cropped-cropped-logo-lettrage-degrade-rouge-et-blanc-fond-bleu-300x123-1.jpg\",\"width\":240,\"height\":98,\"caption\":\"TCSL\"},\"image\":{\"@id\":\"https:\\\/\\\/www.tcsl.fr\\\/#\\\/schema\\\/logo\\\/image\\\/\"}}]}<\/script>\n<!-- \/ Yoast SEO plugin. -->","yoast_head_json":{"title":"R\u00e9sultats T.A.R. - TCSL","robots":{"index":"index","follow":"follow","max-snippet":"max-snippet:-1","max-image-preview":"max-image-preview:large","max-video-preview":"max-video-preview:-1"},"canonical":"http:\/\/www.tcsl.fr\/index.php\/competitions\/resultats-t-a-r\/","og_locale":"fr_FR","og_type":"article","og_title":"R\u00e9sultats T.A.R. - TCSL","og_description":"27 et 28\/04\/2019 Circuit National TAR au TCSL 05\/05\/2018 Match amical TAR au TCSL 21 et 22\/04\/2018 Interd\u00e9partementaux TAR \u00e0 Fr\u00e9jus 11\/03\/2017 Circuit National TAR au TCSL 21\/02\/2016 Match amical T.A.R au TCSL 14\/03\/2015 Match amical T.A.R au TCSL 29\/03\/2014 Match amical T.A.R au TCSL 13\/04\/2013 Match amical T.A.R au TCSL 25\/02\/2012 Match amical T.A.R [&hellip;]","og_url":"http:\/\/www.tcsl.fr\/index.php\/competitions\/resultats-t-a-r\/","og_site_name":"TCSL","article_modified_time":"2019-05-01T09:49:37+00:00","twitter_card":"summary_large_image","schema":{"@context":"https:\/\/schema.org","@graph":[{"@type":"WebPage","@id":"http:\/\/www.tcsl.fr\/index.php\/competitions\/resultats-t-a-r\/","url":"http:\/\/www.tcsl.fr\/index.php\/competitions\/resultats-t-a-r\/","name":"R\u00e9sultats T.A.R. - TCSL","isPartOf":{"@id":"https:\/\/www.tcsl.fr\/#website"},"datePublished":"2016-10-05T16:15:34+00:00","dateModified":"2019-05-01T09:49:37+00:00","breadcrumb":{"@id":"http:\/\/www.tcsl.fr\/index.php\/competitions\/resultats-t-a-r\/#breadcrumb"},"inLanguage":"fr-FR","potentialAction":[{"@type":"ReadAction","target":["http:\/\/www.tcsl.fr\/index.php\/competitions\/resultats-t-a-r\/"]}]},{"@type":"BreadcrumbList","@id":"http:\/\/www.tcsl.fr\/index.php\/competitions\/resultats-t-a-r\/#breadcrumb","itemListElement":[{"@type":"ListItem","position":1,"name":"Accueil","item":"https:\/\/www.tcsl.fr\/"},{"@type":"ListItem","position":2,"name":"Comp\u00e9titions","item":"https:\/\/www.tcsl.fr\/index.php\/competitions\/"},{"@type":"ListItem","position":3,"name":"R\u00e9sultats T.A.R."}]},{"@type":"WebSite","@id":"https:\/\/www.tcsl.fr\/#website","url":"https:\/\/www.tcsl.fr\/","name":"TCSL","description":"Le site du Tir Club Stade Laurentin","publisher":{"@id":"https:\/\/www.tcsl.fr\/#organization"},"potentialAction":[{"@type":"SearchAction","target":{"@type":"EntryPoint","urlTemplate":"https:\/\/www.tcsl.fr\/?s={search_term_string}"},"query-input":{"@type":"PropertyValueSpecification","valueRequired":true,"valueName":"search_term_string"}}],"inLanguage":"fr-FR"},{"@type":"Organization","@id":"https:\/\/www.tcsl.fr\/#organization","name":"TCSL","url":"https:\/\/www.tcsl.fr\/","logo":{"@type":"ImageObject","inLanguage":"fr-FR","@id":"https:\/\/www.tcsl.fr\/#\/schema\/logo\/image\/","url":"http:\/\/www.tcsl.fr\/wp-content\/uploads\/2024\/10\/cropped-cropped-cropped-cropped-cropped-logo-lettrage-degrade-rouge-et-blanc-fond-bleu-300x123-1.jpg","contentUrl":"http:\/\/www.tcsl.fr\/wp-content\/uploads\/2024\/10\/cropped-cropped-cropped-cropped-cropped-logo-lettrage-degrade-rouge-et-blanc-fond-bleu-300x123-1.jpg","width":240,"height":98,"caption":"TCSL"},"image":{"@id":"https:\/\/www.tcsl.fr\/#\/schema\/logo\/image\/"}}]}},"_links":{"self":[{"href":"http:\/\/www.tcsl.fr\/index.php\/wp-json\/wp\/v2\/pages\/1044","targetHints":{"allow":["GET"]}}],"collection":[{"href":"http:\/\/www.tcsl.fr\/index.php\/wp-json\/wp\/v2\/pages"}],"about":[{"href":"http:\/\/www.tcsl.fr\/index.php\/wp-json\/wp\/v2\/types\/page"}],"author":[{"embeddable":true,"href":"http:\/\/www.tcsl.fr\/index.php\/wp-json\/wp\/v2\/users\/1"}],"replies":[{"embeddable":true,"href":"http:\/\/www.tcsl.fr\/index.php\/wp-json\/wp\/v2\/comments?post=1044"}],"version-history":[{"count":9,"href":"http:\/\/www.tcsl.fr\/index.php\/wp-json\/wp\/v2\/pages\/1044\/revisions"}],"predecessor-version":[{"id":4920,"href":"http:\/\/www.tcsl.fr\/index.php\/wp-json\/wp\/v2\/pages\/1044\/revisions\/4920"}],"up":[{"embeddable":true,"href":"http:\/\/www.tcsl.fr\/index.php\/wp-json\/wp\/v2\/pages\/1038"}],"wp:attachment":[{"href":"http:\/\/www.tcsl.fr\/index.php\/wp-json\/wp\/v2\/media?parent=1044"}],"curies":[{"name":"wp","href":"https:\/\/api.w.org\/{rel}","templated":true}]}}