{"id":1054,"date":"2016-10-05T18:17:17","date_gmt":"2016-10-05T16:17:17","guid":{"rendered":"http:\/\/www.tcsl.fr\/?page_id=1054"},"modified":"2019-12-07T19:00:56","modified_gmt":"2019-12-07T18:00:56","slug":"resultats-telethon","status":"publish","type":"page","link":"http:\/\/www.tcsl.fr\/index.php\/competitions\/resultats-telethon\/","title":{"rendered":"R\u00e9sultats T\u00e9l\u00e9thon"},"content":{"rendered":"<ul>\n<li><\/li>\n<li><a href=\"http:\/\/www.tcsl.fr\/wp-content\/uploads\/2019\/12\/2019-Telethon.pdf\" target=\"_blank\" rel=\"noopener noreferrer\">07\/12\/2019 T\u00e9l\u00e9thon au TCSL<\/a><\/li>\n<li><a href=\"http:\/\/www.tcsl.fr\/wp-content\/uploads\/2018\/12\/TCSL_T\u00e9l\u00e9thon_2018.pdf\" target=\"_blank\" rel=\"noopener noreferrer\">08\/12\/2018 T\u00e9l\u00e9thon au TCSL<\/a><\/li>\n<li><a href=\"http:\/\/www.tcsl.fr\/wp-content\/uploads\/2017\/12\/2017-Telethon.pdf\" target=\"_blank\" rel=\"noopener noreferrer\">09\/12\/2017 T\u00e9l\u00e9thon au TCSL<\/a><\/li>\n<li><a href=\"http:\/\/www.tcsl.fr\/wp-content\/uploads\/2016\/12\/2016-Telethon.pdf\" target=\"_blank\" rel=\"noopener noreferrer\">03\/12\/2016 T\u00e9l\u00e9thon au TCSL<\/a><\/li>\n<li><a href=\"http:\/\/www.tcsl.fr\/wp-content\/uploads\/2016\/10\/telethon-2015-12-05-TCSL.pdf\" target=\"_blank\" rel=\"noopener noreferrer\">05\/12\/2015 T\u00e9l\u00e9thon au TCSL<\/a><\/li>\n<li><a href=\"http:\/\/www.tcsl.fr\/wp-content\/uploads\/2016\/10\/Telethon-2014-12-06-TCSL.pdf\" target=\"_blank\" rel=\"noopener noreferrer\">06\/12\/2014 T\u00e9l\u00e9thon au TCSL<\/a><\/li>\n<li><a href=\"http:\/\/www.tcsl.fr\/wp-content\/uploads\/2016\/10\/Telethon-2013-TCSL.pdf\" target=\"_blank\" rel=\"noopener noreferrer\">2013 T\u00e9l\u00e9thon au TCSL<\/a><\/li>\n<li><a href=\"http:\/\/www.tcsl.fr\/wp-content\/uploads\/2016\/10\/Telethon-2012-TCSL.pdf\" target=\"_blank\" rel=\"noopener noreferrer\">2012 T\u00e9l\u00e9thon au TCSL<\/a><\/li>\n<\/ul>\n","protected":false},"excerpt":{"rendered":"<p>07\/12\/2019 T\u00e9l\u00e9thon au TCSL 08\/12\/2018 T\u00e9l\u00e9thon au TCSL 09\/12\/2017 T\u00e9l\u00e9thon au TCSL 03\/12\/2016 T\u00e9l\u00e9thon au TCSL 05\/12\/2015 T\u00e9l\u00e9thon au TCSL 06\/12\/2014 T\u00e9l\u00e9thon au TCSL 2013 T\u00e9l\u00e9thon au TCSL 2012 T\u00e9l\u00e9thon au TCSL<\/p>\n","protected":false},"author":1,"featured_media":0,"parent":1038,"menu_order":0,"comment_status":"closed","ping_status":"closed","template":"","meta":{"footnotes":""},"class_list":["post-1054","page","type-page","status-publish","hentry"],"yoast_head":"<!-- This site is optimized with the Yoast SEO plugin v27.3 - https:\/\/yoast.com\/product\/yoast-seo-wordpress\/ -->\n<title>R\u00e9sultats T\u00e9l\u00e9thon - TCSL<\/title>\n<meta name=\"robots\" content=\"index, follow, max-snippet:-1, max-image-preview:large, max-video-preview:-1\" \/>\n<link rel=\"canonical\" href=\"http:\/\/www.tcsl.fr\/index.php\/competitions\/resultats-telethon\/\" \/>\n<meta property=\"og:locale\" content=\"fr_FR\" \/>\n<meta property=\"og:type\" content=\"article\" \/>\n<meta property=\"og:title\" content=\"R\u00e9sultats T\u00e9l\u00e9thon - TCSL\" \/>\n<meta property=\"og:description\" content=\"07\/12\/2019 T\u00e9l\u00e9thon au TCSL 08\/12\/2018 T\u00e9l\u00e9thon au TCSL 09\/12\/2017 T\u00e9l\u00e9thon au TCSL 03\/12\/2016 T\u00e9l\u00e9thon au TCSL 05\/12\/2015 T\u00e9l\u00e9thon au TCSL 06\/12\/2014 T\u00e9l\u00e9thon au TCSL 2013 T\u00e9l\u00e9thon au TCSL 2012 T\u00e9l\u00e9thon au TCSL\" \/>\n<meta property=\"og:url\" content=\"http:\/\/www.tcsl.fr\/index.php\/competitions\/resultats-telethon\/\" \/>\n<meta property=\"og:site_name\" content=\"TCSL\" \/>\n<meta property=\"article:modified_time\" content=\"2019-12-07T18:00:56+00:00\" \/>\n<meta name=\"twitter:card\" content=\"summary_large_image\" \/>\n<script type=\"application\/ld+json\" class=\"yoast-schema-graph\">{\"@context\":\"https:\\\/\\\/schema.org\",\"@graph\":[{\"@type\":\"WebPage\",\"@id\":\"http:\\\/\\\/www.tcsl.fr\\\/index.php\\\/competitions\\\/resultats-telethon\\\/\",\"url\":\"http:\\\/\\\/www.tcsl.fr\\\/index.php\\\/competitions\\\/resultats-telethon\\\/\",\"name\":\"R\u00e9sultats T\u00e9l\u00e9thon - TCSL\",\"isPartOf\":{\"@id\":\"http:\\\/\\\/www.tcsl.fr\\\/#website\"},\"datePublished\":\"2016-10-05T16:17:17+00:00\",\"dateModified\":\"2019-12-07T18:00:56+00:00\",\"breadcrumb\":{\"@id\":\"http:\\\/\\\/www.tcsl.fr\\\/index.php\\\/competitions\\\/resultats-telethon\\\/#breadcrumb\"},\"inLanguage\":\"fr-FR\",\"potentialAction\":[{\"@type\":\"ReadAction\",\"target\":[\"http:\\\/\\\/www.tcsl.fr\\\/index.php\\\/competitions\\\/resultats-telethon\\\/\"]}]},{\"@type\":\"BreadcrumbList\",\"@id\":\"http:\\\/\\\/www.tcsl.fr\\\/index.php\\\/competitions\\\/resultats-telethon\\\/#breadcrumb\",\"itemListElement\":[{\"@type\":\"ListItem\",\"position\":1,\"name\":\"Accueil\",\"item\":\"http:\\\/\\\/www.tcsl.fr\\\/\"},{\"@type\":\"ListItem\",\"position\":2,\"name\":\"Comp\u00e9titions\",\"item\":\"http:\\\/\\\/www.tcsl.fr\\\/index.php\\\/competitions\\\/\"},{\"@type\":\"ListItem\",\"position\":3,\"name\":\"R\u00e9sultats T\u00e9l\u00e9thon\"}]},{\"@type\":\"WebSite\",\"@id\":\"http:\\\/\\\/www.tcsl.fr\\\/#website\",\"url\":\"http:\\\/\\\/www.tcsl.fr\\\/\",\"name\":\"TCSL\",\"description\":\"Le site du Tir Club Stade Laurentin\",\"publisher\":{\"@id\":\"http:\\\/\\\/www.tcsl.fr\\\/#organization\"},\"potentialAction\":[{\"@type\":\"SearchAction\",\"target\":{\"@type\":\"EntryPoint\",\"urlTemplate\":\"http:\\\/\\\/www.tcsl.fr\\\/?s={search_term_string}\"},\"query-input\":{\"@type\":\"PropertyValueSpecification\",\"valueRequired\":true,\"valueName\":\"search_term_string\"}}],\"inLanguage\":\"fr-FR\"},{\"@type\":\"Organization\",\"@id\":\"http:\\\/\\\/www.tcsl.fr\\\/#organization\",\"name\":\"TCSL\",\"url\":\"http:\\\/\\\/www.tcsl.fr\\\/\",\"logo\":{\"@type\":\"ImageObject\",\"inLanguage\":\"fr-FR\",\"@id\":\"http:\\\/\\\/www.tcsl.fr\\\/#\\\/schema\\\/logo\\\/image\\\/\",\"url\":\"http:\\\/\\\/www.tcsl.fr\\\/wp-content\\\/uploads\\\/2024\\\/10\\\/cropped-cropped-cropped-cropped-cropped-logo-lettrage-degrade-rouge-et-blanc-fond-bleu-300x123-1.jpg\",\"contentUrl\":\"http:\\\/\\\/www.tcsl.fr\\\/wp-content\\\/uploads\\\/2024\\\/10\\\/cropped-cropped-cropped-cropped-cropped-logo-lettrage-degrade-rouge-et-blanc-fond-bleu-300x123-1.jpg\",\"width\":240,\"height\":98,\"caption\":\"TCSL\"},\"image\":{\"@id\":\"http:\\\/\\\/www.tcsl.fr\\\/#\\\/schema\\\/logo\\\/image\\\/\"}}]}<\/script>\n<!-- \/ Yoast SEO plugin. -->","yoast_head_json":{"title":"R\u00e9sultats T\u00e9l\u00e9thon - TCSL","robots":{"index":"index","follow":"follow","max-snippet":"max-snippet:-1","max-image-preview":"max-image-preview:large","max-video-preview":"max-video-preview:-1"},"canonical":"http:\/\/www.tcsl.fr\/index.php\/competitions\/resultats-telethon\/","og_locale":"fr_FR","og_type":"article","og_title":"R\u00e9sultats T\u00e9l\u00e9thon - TCSL","og_description":"07\/12\/2019 T\u00e9l\u00e9thon au TCSL 08\/12\/2018 T\u00e9l\u00e9thon au TCSL 09\/12\/2017 T\u00e9l\u00e9thon au TCSL 03\/12\/2016 T\u00e9l\u00e9thon au TCSL 05\/12\/2015 T\u00e9l\u00e9thon au TCSL 06\/12\/2014 T\u00e9l\u00e9thon au TCSL 2013 T\u00e9l\u00e9thon au TCSL 2012 T\u00e9l\u00e9thon au TCSL","og_url":"http:\/\/www.tcsl.fr\/index.php\/competitions\/resultats-telethon\/","og_site_name":"TCSL","article_modified_time":"2019-12-07T18:00:56+00:00","twitter_card":"summary_large_image","schema":{"@context":"https:\/\/schema.org","@graph":[{"@type":"WebPage","@id":"http:\/\/www.tcsl.fr\/index.php\/competitions\/resultats-telethon\/","url":"http:\/\/www.tcsl.fr\/index.php\/competitions\/resultats-telethon\/","name":"R\u00e9sultats T\u00e9l\u00e9thon - TCSL","isPartOf":{"@id":"http:\/\/www.tcsl.fr\/#website"},"datePublished":"2016-10-05T16:17:17+00:00","dateModified":"2019-12-07T18:00:56+00:00","breadcrumb":{"@id":"http:\/\/www.tcsl.fr\/index.php\/competitions\/resultats-telethon\/#breadcrumb"},"inLanguage":"fr-FR","potentialAction":[{"@type":"ReadAction","target":["http:\/\/www.tcsl.fr\/index.php\/competitions\/resultats-telethon\/"]}]},{"@type":"BreadcrumbList","@id":"http:\/\/www.tcsl.fr\/index.php\/competitions\/resultats-telethon\/#breadcrumb","itemListElement":[{"@type":"ListItem","position":1,"name":"Accueil","item":"http:\/\/www.tcsl.fr\/"},{"@type":"ListItem","position":2,"name":"Comp\u00e9titions","item":"http:\/\/www.tcsl.fr\/index.php\/competitions\/"},{"@type":"ListItem","position":3,"name":"R\u00e9sultats T\u00e9l\u00e9thon"}]},{"@type":"WebSite","@id":"http:\/\/www.tcsl.fr\/#website","url":"http:\/\/www.tcsl.fr\/","name":"TCSL","description":"Le site du Tir Club Stade Laurentin","publisher":{"@id":"http:\/\/www.tcsl.fr\/#organization"},"potentialAction":[{"@type":"SearchAction","target":{"@type":"EntryPoint","urlTemplate":"http:\/\/www.tcsl.fr\/?s={search_term_string}"},"query-input":{"@type":"PropertyValueSpecification","valueRequired":true,"valueName":"search_term_string"}}],"inLanguage":"fr-FR"},{"@type":"Organization","@id":"http:\/\/www.tcsl.fr\/#organization","name":"TCSL","url":"http:\/\/www.tcsl.fr\/","logo":{"@type":"ImageObject","inLanguage":"fr-FR","@id":"http:\/\/www.tcsl.fr\/#\/schema\/logo\/image\/","url":"http:\/\/www.tcsl.fr\/wp-content\/uploads\/2024\/10\/cropped-cropped-cropped-cropped-cropped-logo-lettrage-degrade-rouge-et-blanc-fond-bleu-300x123-1.jpg","contentUrl":"http:\/\/www.tcsl.fr\/wp-content\/uploads\/2024\/10\/cropped-cropped-cropped-cropped-cropped-logo-lettrage-degrade-rouge-et-blanc-fond-bleu-300x123-1.jpg","width":240,"height":98,"caption":"TCSL"},"image":{"@id":"http:\/\/www.tcsl.fr\/#\/schema\/logo\/image\/"}}]}},"_links":{"self":[{"href":"http:\/\/www.tcsl.fr\/index.php\/wp-json\/wp\/v2\/pages\/1054","targetHints":{"allow":["GET"]}}],"collection":[{"href":"http:\/\/www.tcsl.fr\/index.php\/wp-json\/wp\/v2\/pages"}],"about":[{"href":"http:\/\/www.tcsl.fr\/index.php\/wp-json\/wp\/v2\/types\/page"}],"author":[{"embeddable":true,"href":"http:\/\/www.tcsl.fr\/index.php\/wp-json\/wp\/v2\/users\/1"}],"replies":[{"embeddable":true,"href":"http:\/\/www.tcsl.fr\/index.php\/wp-json\/wp\/v2\/comments?post=1054"}],"version-history":[{"count":10,"href":"http:\/\/www.tcsl.fr\/index.php\/wp-json\/wp\/v2\/pages\/1054\/revisions"}],"predecessor-version":[{"id":5625,"href":"http:\/\/www.tcsl.fr\/index.php\/wp-json\/wp\/v2\/pages\/1054\/revisions\/5625"}],"up":[{"embeddable":true,"href":"http:\/\/www.tcsl.fr\/index.php\/wp-json\/wp\/v2\/pages\/1038"}],"wp:attachment":[{"href":"http:\/\/www.tcsl.fr\/index.php\/wp-json\/wp\/v2\/media?parent=1054"}],"curies":[{"name":"wp","href":"https:\/\/api.w.org\/{rel}","templated":true}]}}