{"id":1448,"date":"2016-11-08T11:03:34","date_gmt":"2016-11-08T10:03:34","guid":{"rendered":"http:\/\/www.tcsl.fr\/?page_id=1448"},"modified":"2024-06-06T09:06:58","modified_gmt":"2024-06-06T07:06:58","slug":"adminiadministratif-et-legislation-sur-les-armes","status":"publish","type":"page","link":"http:\/\/www.tcsl.fr\/index.php\/divers\/adminiadministratif-et-legislation-sur-les-armes\/","title":{"rendered":"Administratif et L\u00e9gislation sur les armes"},"content":{"rendered":"<p>Cette page a pour but d&rsquo;aider les nouveaux Tireurs sportifs \u00e0 comprendre les diff\u00e9rents documents qui vous sont remis et les d\u00e9marches administratives pour acqu\u00e9rir une arme de cat\u00e9gorie B. Elle concerne aussi les anciens Tireurs sportifs. Vous pouvez consulter les diff\u00e9rents documents l\u00e9gaux sur les armes dans \u00ab\u00a0Divers\u00a0\u00bb \u00ab\u00a0T\u00e9l\u00e9chargement\u00a0\u00bb<\/p>\n<h1>Le Badge du TCSL<\/h1>\n<p>Il change de couleur \u00e0 chaque ann\u00e9e sportive. <strong>Il doit Imp\u00e9rativement \u00eatre port\u00e9 visiblement sur les pas-de-tir<\/strong> car nous sommes plus de 1000 et <strong>chaque Permanent doit pouvoir identifier le porteur comme \u00e9tant adh\u00e9rent du TCSL<\/strong>.<\/p>\n<h1>Le Badge d&rsquo;ouverture porte<\/h1>\n<p>Il est blanc avec une publicit\u00e9 pour l&rsquo;Armurerie FANTIN. Il est muni d&rsquo;une puce RFID et permet l&rsquo;ouverture de la porte du 25m et du portail d&rsquo;acc\u00e8s aux stands ext\u00e9rieurs. Il comporte une antenne \u00e0 l\u2019int\u00e9rieur et ne doit pas \u00eatre perc\u00e9. En cas de perte ou de d\u00e9t\u00e9rioration, il co\u00fbte 5\u20ac.<\/p>\n<hr \/>\n<hr \/>\n<h1>La Licence de la FFTir<\/h1>\n<h2>Pour les nouveaux Tireurs Sportifs<\/h2>\n<p>Apr\u00e8s votre inscription au TCSL, la FFTir met votre licence \u00e0 disposition dans EDEN. Vous pouvez louer une arme mais vous ne pouvez pas avoir d&rsquo;invit\u00e9 la premi\u00e8re ann\u00e9e.<\/p>\n<h2>Pour les autres<\/h2>\n<p><strong>Votre certificat m\u00e9dical doit toujours \u00eatre en cours de validit\u00e9 dans EDEN<\/strong> (1 an apr\u00e8s la date d&rsquo;\u00e9mission). En cons\u00e9quence, si vous venez tirer et qu&rsquo;un accident survient, votre seule responsabilit\u00e9 sera engag\u00e9e mais pas celle du TCSL.<\/p>\n<p>Votre licence est valable jusqu&rsquo;au 31 aout de l&rsquo;ann\u00e9e sportive. L&rsquo;ann\u00e9e sportive commence le 1er septembre et se termine le 31 ao\u00fbt de l&rsquo;ann\u00e9e suivante. Les tireurs d\u00e9tenant des armes de cat\u00e9gorie B sont donc dans l\u2019ill\u00e9galit\u00e9 si leur licence n&rsquo;est pas renouvel\u00e9e au 1er septembre de la nouvelle saison sportive.<\/p>\n<p>Il n&rsquo;y a pas de rappel de cotisation par courrier mais par mail et il est de <strong>VOTRE<\/strong> responsabilit\u00e9 de penser au renouvellement de votre licence avant la fin ao\u00fbt. Pour \u00e9viter les probl\u00e8mes et surtout pour nous faciliter la t\u00e2che, nous envoyons un mail d\u00e9but juin en demandant de nous remettre votre ch\u00e8que de renouvellement avant la fin juillet (les ch\u00e8ques ne sont mis \u00e0 l&rsquo;encaissement qu&rsquo;apr\u00e8s l&rsquo;ouverture du TCSL d\u00e9but septembre), ce qui nous permet de traiter les dossiers de r\u00e9inscription \u00e0 partir du 20 ao\u00fbt pendant que le club est ferm\u00e9. En 2023, nous avons envoy\u00e9 plus de 800 licences le 1er septembre et les Tireurs avaient leur licences avant l&rsquo;ouverture du Club. C&rsquo;est surtout un gain de temps \u00e9norme pour nous. Merci d&rsquo;avance pour les ann\u00e9es qui suivent.<\/p>\n<hr \/>\n<hr \/>\n<h1>Le Q.C.M.<\/h1>\n<p>Le Q.C.M. (Questionnaire \u00e0 Choix Multiples) est un mini-examen de contr\u00f4le des connaissances que vous passez au Club le samedi apr\u00e8s-midi \u00e0 15 h apr\u00e8s avoir pris rendez-vous aupr\u00e8s du Permanent du 25m. Vous pouvez le passer apr\u00e8s deux mois de pr\u00e9sence au TCSL quand vous serez familiaris\u00e9 avec le Tir Sportif.<\/p>\n<p>Le Q.C.M. existe depuis 1998. Il est \u00e9labor\u00e9 par la FFTir pour s&rsquo;assurer que les Tireurs Sportifs sont au courant de la l\u00e9gislation sur les armes et sur les r\u00e8gles de s\u00e9curit\u00e9 que l&rsquo;on doit appliquer sur les pas-de-tir. Il est obligatoire si vous d\u00e9sirez d\u00e9tenir une arme de cat\u00e9gorie B.<\/p>\n<p>Vous pouvez t\u00e9l\u00e9charger un Q.C.M. <a href=\"http:\/\/www.tcsl.fr\/wp-content\/uploads\/2018\/08\/QCM.pdf\" target=\"_blank\" rel=\"noopener noreferrer\"><strong>en cliquant ici<\/strong>.<\/a> Vous trouvez tout ce que vous devez savoir dans le <a href=\"http:\/\/www.tcsl.fr\/wp-content\/uploads\/2022\/09\/Manuel-de-tir-sportif-2022-ter-52-pages.pdf\" target=\"_blank\" rel=\"noopener\"><strong>Manuel d\u2019initiation du tireur<\/strong><\/a> page 6, 7, 8, et 9.<\/p>\n<hr \/>\n<hr \/>\n<h1>Le Carnet de Tir<\/h1>\n<p>La nouvelle r\u00e9glementation que vous pouvez consulter <a href=\"https:\/\/www.legifrance.gouv.fr\/affichTexte.do?cidTexte=JORFTEXT000041829261&amp;categorieLien=id\" target=\"_blank\" rel=\"noreferrer noopener\">ICI<\/a> \u00a0supprime le carnet de tir \u00e0 compter du 01\/07\/2020.<\/p>\n<h1>L&rsquo;Avis pr\u00e9alable<\/h1>\n<p>C&rsquo;est un document officiel valid\u00e9 par la Ligue de tir r\u00e9gionale et sign\u00e9 par le Pr\u00e9sident du TCSL. Il est imprim\u00e9 sur une feuille sp\u00e9cifique de couleur verte et tout le monde l&rsquo;appelle la \u00ab\u00a0Feuille verte\u00a0\u00bb. Il atteste de votre fr\u00e9quentation r\u00e9guli\u00e8re du TCSL, d&rsquo;un bon comportement sur les pas-de-Tir, que votre licence est \u00e0 jour et tamponn\u00e9e d&rsquo;un M\u00e9decin. Le Pr\u00e9sident, en signant votre feuille verte, engage sa responsabilit\u00e9. Vous devez remplir une demande de feuille verte au Secr\u00e9tariat. Si vous d\u00e9sirez le recevoir par la poste, vous devez fournir une enveloppe timbr\u00e9e \u00e0 votre adresse sinon, il vous sera remis au secr\u00e9tariat avec un d\u00e9lai d&rsquo;une semaine.<\/p>\n<p>Vous \u00eates forc\u00e9ment dans l\u2019un des cas suivants :<\/p>\n<p><strong>Vous n\u2019avez pas d\u2019arme de cat\u00e9gorie B et vous souhaitez en acqu\u00e9rir une<\/strong>.<\/p>\n<p>Vous devez avoir 6 mois d\u2019anciennet\u00e9 \u00e0 la FFTir.<br \/>\nVous devez avoir fait 3 s\u00e9ances de tir contr\u00f4l\u00e9 s\u00e9par\u00e9es de 2 mois minimum, dans les 12 mois qui pr\u00e9c\u00e9dent votre demande.<br \/>\nUne feuille propre au TCSL vous sera remise quand vous aurez pass\u00e9 le QCM. Les s\u00e9ances de tir contr\u00f4l\u00e9 y seront not\u00e9es.<br \/>\nPour obtenir votre Avis pr\u00e9alable pour une premi\u00e8re acquisition, vous devrez remplir une demande et fournir la feuille propre au TCSL.<\/p>\n<p><strong>Vous d\u00e9tenez\u00a0 d\u00e9j\u00e0 une arme de cat\u00e9gorie B.<\/strong><\/p>\n<p>Pour un renouvellement ou une nouvelle acquisition, vous devez demander un avis pr\u00e9alable au TCSL.<\/p>\n<p><strong>Vous devrez effectuer un tir contr\u00f4l\u00e9 au 25 m. La pratique r\u00e9guli\u00e8re du tir sera v\u00e9rifi\u00e9e dans le fichier de pr\u00e9sence du 25m. Les demandes de feuille verte par mail et par courrier ne seront plus trait\u00e9es. Il faudra imp\u00e9rativement les d\u00e9poser au club apr\u00e8s contr\u00f4le de tir au 25m par le Permanent qui validera la demande. La demande peut aussi \u00eatre faite dans EDEN apr\u00e8s le tir contr\u00f4l\u00e9.<br \/>\n<\/strong><\/p>\n<p><strong>Dans tous les cas, vous devez avoir une licence de tir durant les 5 ans d\u2019autorisation de d\u00e9tention<\/strong>.<\/p>\n<p><strong>Rappel<\/strong> : pour les renouvellements, votre demande doit \u00eatre faite dans le SIA 3 mois avant la date d&rsquo;expiration de votre d\u00e9tention.<\/p>\n<hr \/>\n<hr \/>\n","protected":false},"excerpt":{"rendered":"<p>Cette page a pour but d&rsquo;aider les nouveaux Tireurs sportifs \u00e0 comprendre les diff\u00e9rents documents qui vous sont remis et les d\u00e9marches administratives pour acqu\u00e9rir une arme de cat\u00e9gorie B. Elle concerne aussi les anciens Tireurs sportifs. Vous pouvez consulter les diff\u00e9rents documents l\u00e9gaux sur les armes dans \u00ab\u00a0Divers\u00a0\u00bb \u00ab\u00a0T\u00e9l\u00e9chargement\u00a0\u00bb Le Badge du TCSL Il [&hellip;]<\/p>\n","protected":false},"author":1,"featured_media":0,"parent":1091,"menu_order":0,"comment_status":"closed","ping_status":"closed","template":"","meta":{"footnotes":""},"class_list":["post-1448","page","type-page","status-publish","hentry"],"yoast_head":"<!-- This site is optimized with the Yoast SEO plugin v27.3 - https:\/\/yoast.com\/product\/yoast-seo-wordpress\/ -->\n<title>Administratif et L\u00e9gislation sur les armes - TCSL<\/title>\n<meta name=\"robots\" content=\"index, follow, max-snippet:-1, max-image-preview:large, max-video-preview:-1\" \/>\n<link rel=\"canonical\" href=\"https:\/\/www.tcsl.fr\/index.php\/divers\/adminiadministratif-et-legislation-sur-les-armes\/\" \/>\n<meta property=\"og:locale\" content=\"fr_FR\" \/>\n<meta property=\"og:type\" content=\"article\" \/>\n<meta property=\"og:title\" content=\"Administratif et L\u00e9gislation sur les armes - TCSL\" \/>\n<meta property=\"og:description\" content=\"Cette page a pour but d&rsquo;aider les nouveaux Tireurs sportifs \u00e0 comprendre les diff\u00e9rents documents qui vous sont remis et les d\u00e9marches administratives pour acqu\u00e9rir une arme de cat\u00e9gorie B. Elle concerne aussi les anciens Tireurs sportifs. Vous pouvez consulter les diff\u00e9rents documents l\u00e9gaux sur les armes dans \u00ab\u00a0Divers\u00a0\u00bb \u00ab\u00a0T\u00e9l\u00e9chargement\u00a0\u00bb Le Badge du TCSL Il [&hellip;]\" \/>\n<meta property=\"og:url\" content=\"https:\/\/www.tcsl.fr\/index.php\/divers\/adminiadministratif-et-legislation-sur-les-armes\/\" \/>\n<meta property=\"og:site_name\" content=\"TCSL\" \/>\n<meta property=\"article:modified_time\" content=\"2024-06-06T07:06:58+00:00\" \/>\n<meta name=\"twitter:card\" content=\"summary_large_image\" \/>\n<meta name=\"twitter:label1\" content=\"Dur\u00e9e de lecture estim\u00e9e\" \/>\n\t<meta name=\"twitter:data1\" content=\"5 minutes\" \/>\n<script type=\"application\/ld+json\" class=\"yoast-schema-graph\">{\"@context\":\"https:\\\/\\\/schema.org\",\"@graph\":[{\"@type\":\"WebPage\",\"@id\":\"https:\\\/\\\/www.tcsl.fr\\\/index.php\\\/divers\\\/adminiadministratif-et-legislation-sur-les-armes\\\/\",\"url\":\"https:\\\/\\\/www.tcsl.fr\\\/index.php\\\/divers\\\/adminiadministratif-et-legislation-sur-les-armes\\\/\",\"name\":\"Administratif et L\u00e9gislation sur les armes - TCSL\",\"isPartOf\":{\"@id\":\"https:\\\/\\\/www.tcsl.fr\\\/#website\"},\"datePublished\":\"2016-11-08T10:03:34+00:00\",\"dateModified\":\"2024-06-06T07:06:58+00:00\",\"breadcrumb\":{\"@id\":\"https:\\\/\\\/www.tcsl.fr\\\/index.php\\\/divers\\\/adminiadministratif-et-legislation-sur-les-armes\\\/#breadcrumb\"},\"inLanguage\":\"fr-FR\",\"potentialAction\":[{\"@type\":\"ReadAction\",\"target\":[\"https:\\\/\\\/www.tcsl.fr\\\/index.php\\\/divers\\\/adminiadministratif-et-legislation-sur-les-armes\\\/\"]}]},{\"@type\":\"BreadcrumbList\",\"@id\":\"https:\\\/\\\/www.tcsl.fr\\\/index.php\\\/divers\\\/adminiadministratif-et-legislation-sur-les-armes\\\/#breadcrumb\",\"itemListElement\":[{\"@type\":\"ListItem\",\"position\":1,\"name\":\"Accueil\",\"item\":\"https:\\\/\\\/www.tcsl.fr\\\/\"},{\"@type\":\"ListItem\",\"position\":2,\"name\":\"Divers\",\"item\":\"https:\\\/\\\/www.tcsl.fr\\\/index.php\\\/divers\\\/\"},{\"@type\":\"ListItem\",\"position\":3,\"name\":\"Administratif et L\u00e9gislation sur les armes\"}]},{\"@type\":\"WebSite\",\"@id\":\"https:\\\/\\\/www.tcsl.fr\\\/#website\",\"url\":\"https:\\\/\\\/www.tcsl.fr\\\/\",\"name\":\"TCSL\",\"description\":\"Le site du Tir Club Stade Laurentin\",\"publisher\":{\"@id\":\"https:\\\/\\\/www.tcsl.fr\\\/#organization\"},\"potentialAction\":[{\"@type\":\"SearchAction\",\"target\":{\"@type\":\"EntryPoint\",\"urlTemplate\":\"https:\\\/\\\/www.tcsl.fr\\\/?s={search_term_string}\"},\"query-input\":{\"@type\":\"PropertyValueSpecification\",\"valueRequired\":true,\"valueName\":\"search_term_string\"}}],\"inLanguage\":\"fr-FR\"},{\"@type\":\"Organization\",\"@id\":\"https:\\\/\\\/www.tcsl.fr\\\/#organization\",\"name\":\"TCSL\",\"url\":\"https:\\\/\\\/www.tcsl.fr\\\/\",\"logo\":{\"@type\":\"ImageObject\",\"inLanguage\":\"fr-FR\",\"@id\":\"https:\\\/\\\/www.tcsl.fr\\\/#\\\/schema\\\/logo\\\/image\\\/\",\"url\":\"http:\\\/\\\/www.tcsl.fr\\\/wp-content\\\/uploads\\\/2024\\\/10\\\/cropped-cropped-cropped-cropped-cropped-logo-lettrage-degrade-rouge-et-blanc-fond-bleu-300x123-1.jpg\",\"contentUrl\":\"http:\\\/\\\/www.tcsl.fr\\\/wp-content\\\/uploads\\\/2024\\\/10\\\/cropped-cropped-cropped-cropped-cropped-logo-lettrage-degrade-rouge-et-blanc-fond-bleu-300x123-1.jpg\",\"width\":240,\"height\":98,\"caption\":\"TCSL\"},\"image\":{\"@id\":\"https:\\\/\\\/www.tcsl.fr\\\/#\\\/schema\\\/logo\\\/image\\\/\"}}]}<\/script>\n<!-- \/ Yoast SEO plugin. -->","yoast_head_json":{"title":"Administratif et L\u00e9gislation sur les armes - TCSL","robots":{"index":"index","follow":"follow","max-snippet":"max-snippet:-1","max-image-preview":"max-image-preview:large","max-video-preview":"max-video-preview:-1"},"canonical":"https:\/\/www.tcsl.fr\/index.php\/divers\/adminiadministratif-et-legislation-sur-les-armes\/","og_locale":"fr_FR","og_type":"article","og_title":"Administratif et L\u00e9gislation sur les armes - TCSL","og_description":"Cette page a pour but d&rsquo;aider les nouveaux Tireurs sportifs \u00e0 comprendre les diff\u00e9rents documents qui vous sont remis et les d\u00e9marches administratives pour acqu\u00e9rir une arme de cat\u00e9gorie B. Elle concerne aussi les anciens Tireurs sportifs. Vous pouvez consulter les diff\u00e9rents documents l\u00e9gaux sur les armes dans \u00ab\u00a0Divers\u00a0\u00bb \u00ab\u00a0T\u00e9l\u00e9chargement\u00a0\u00bb Le Badge du TCSL Il [&hellip;]","og_url":"https:\/\/www.tcsl.fr\/index.php\/divers\/adminiadministratif-et-legislation-sur-les-armes\/","og_site_name":"TCSL","article_modified_time":"2024-06-06T07:06:58+00:00","twitter_card":"summary_large_image","twitter_misc":{"Dur\u00e9e de lecture estim\u00e9e":"5 minutes"},"schema":{"@context":"https:\/\/schema.org","@graph":[{"@type":"WebPage","@id":"https:\/\/www.tcsl.fr\/index.php\/divers\/adminiadministratif-et-legislation-sur-les-armes\/","url":"https:\/\/www.tcsl.fr\/index.php\/divers\/adminiadministratif-et-legislation-sur-les-armes\/","name":"Administratif et L\u00e9gislation sur les armes - TCSL","isPartOf":{"@id":"https:\/\/www.tcsl.fr\/#website"},"datePublished":"2016-11-08T10:03:34+00:00","dateModified":"2024-06-06T07:06:58+00:00","breadcrumb":{"@id":"https:\/\/www.tcsl.fr\/index.php\/divers\/adminiadministratif-et-legislation-sur-les-armes\/#breadcrumb"},"inLanguage":"fr-FR","potentialAction":[{"@type":"ReadAction","target":["https:\/\/www.tcsl.fr\/index.php\/divers\/adminiadministratif-et-legislation-sur-les-armes\/"]}]},{"@type":"BreadcrumbList","@id":"https:\/\/www.tcsl.fr\/index.php\/divers\/adminiadministratif-et-legislation-sur-les-armes\/#breadcrumb","itemListElement":[{"@type":"ListItem","position":1,"name":"Accueil","item":"https:\/\/www.tcsl.fr\/"},{"@type":"ListItem","position":2,"name":"Divers","item":"https:\/\/www.tcsl.fr\/index.php\/divers\/"},{"@type":"ListItem","position":3,"name":"Administratif et L\u00e9gislation sur les armes"}]},{"@type":"WebSite","@id":"https:\/\/www.tcsl.fr\/#website","url":"https:\/\/www.tcsl.fr\/","name":"TCSL","description":"Le site du Tir Club Stade Laurentin","publisher":{"@id":"https:\/\/www.tcsl.fr\/#organization"},"potentialAction":[{"@type":"SearchAction","target":{"@type":"EntryPoint","urlTemplate":"https:\/\/www.tcsl.fr\/?s={search_term_string}"},"query-input":{"@type":"PropertyValueSpecification","valueRequired":true,"valueName":"search_term_string"}}],"inLanguage":"fr-FR"},{"@type":"Organization","@id":"https:\/\/www.tcsl.fr\/#organization","name":"TCSL","url":"https:\/\/www.tcsl.fr\/","logo":{"@type":"ImageObject","inLanguage":"fr-FR","@id":"https:\/\/www.tcsl.fr\/#\/schema\/logo\/image\/","url":"http:\/\/www.tcsl.fr\/wp-content\/uploads\/2024\/10\/cropped-cropped-cropped-cropped-cropped-logo-lettrage-degrade-rouge-et-blanc-fond-bleu-300x123-1.jpg","contentUrl":"http:\/\/www.tcsl.fr\/wp-content\/uploads\/2024\/10\/cropped-cropped-cropped-cropped-cropped-logo-lettrage-degrade-rouge-et-blanc-fond-bleu-300x123-1.jpg","width":240,"height":98,"caption":"TCSL"},"image":{"@id":"https:\/\/www.tcsl.fr\/#\/schema\/logo\/image\/"}}]}},"_links":{"self":[{"href":"http:\/\/www.tcsl.fr\/index.php\/wp-json\/wp\/v2\/pages\/1448","targetHints":{"allow":["GET"]}}],"collection":[{"href":"http:\/\/www.tcsl.fr\/index.php\/wp-json\/wp\/v2\/pages"}],"about":[{"href":"http:\/\/www.tcsl.fr\/index.php\/wp-json\/wp\/v2\/types\/page"}],"author":[{"embeddable":true,"href":"http:\/\/www.tcsl.fr\/index.php\/wp-json\/wp\/v2\/users\/1"}],"replies":[{"embeddable":true,"href":"http:\/\/www.tcsl.fr\/index.php\/wp-json\/wp\/v2\/comments?post=1448"}],"version-history":[{"count":55,"href":"http:\/\/www.tcsl.fr\/index.php\/wp-json\/wp\/v2\/pages\/1448\/revisions"}],"predecessor-version":[{"id":7514,"href":"http:\/\/www.tcsl.fr\/index.php\/wp-json\/wp\/v2\/pages\/1448\/revisions\/7514"}],"up":[{"embeddable":true,"href":"http:\/\/www.tcsl.fr\/index.php\/wp-json\/wp\/v2\/pages\/1091"}],"wp:attachment":[{"href":"http:\/\/www.tcsl.fr\/index.php\/wp-json\/wp\/v2\/media?parent=1448"}],"curies":[{"name":"wp","href":"https:\/\/api.w.org\/{rel}","templated":true}]}}