{"id":995,"date":"2016-10-04T19:59:49","date_gmt":"2016-10-04T17:59:49","guid":{"rendered":"http:\/\/www.tcsl.fr\/?page_id=995"},"modified":"2016-10-16T14:29:39","modified_gmt":"2016-10-16T12:29:39","slug":"les-silhouettes-metalliques","status":"publish","type":"page","link":"http:\/\/www.tcsl.fr\/index.php\/les-disciplines\/les-silhouettes-metalliques\/","title":{"rendered":"Les Silhouettes M\u00e9talliques"},"content":{"rendered":"<p><strong>D\u00e9couverte du tir sur Silhouettes M\u00e9talliques<\/strong><\/p>\n<p style=\"text-align: justify;\">Bien que d\u2019origine assez ancienne, la Silhouette M\u00e9tallique n\u2019a vu le jour sous sa forme actuelle qu\u2019en 1975 aux USA. Environ 50 000 tireurs pratiquent cette discipline, dans 26 pays et sur tous les continents. C\u2019est une discipline mondiale. Il y a un Championnat d\u2019Europe \u00e9galement tous les deux ans en alternance avec les Mondiaux.<\/p>\n<p style=\"text-align: justify;\">Imaginez la silhouette d\u2019acier noircie d\u2019un Mouflon, plac\u00e9e \u00e0 100m de la bouche du canon de votre pistolet pour la discipline \u00ab\u00a0Petit Calibre 22LR\u00a0\u00bb, ou \u00e0 200 m pour la discipline dite \u00ab\u00a0Gros Calibre\u00a0\u00bb. La zone de s\u00e9curit\u00e9, celle o\u00f9 doit logiquement frapper votre balle, entre le bas du ventre et le haut du dos, ne mesure que quelques centim\u00e8tres. \u00c0 votre c\u00f4t\u00e9 est pos\u00e9 un pistolet monocoup de type Contender \u00e0 canon de 10\u00a0pouces, uniquement \u00e9quip\u00e9 d\u2019une hausse r\u00e9glable \u00e0 cran de mire et d\u2019un guidon \u00e0 lame.<\/p>\n<p style=\"text-align: justify;\">\u00ab\u00a0CHARGEZ\u00a0!\u00a0\u00bb \u00c0 ce commandement, vous saisissez votre arme, vous la chargez, et vous vous allongez en position Creedmoor. C\u2019est le corps tout entier qui sert d\u2019aff\u00fbt de pointage \u00e0 l\u2019arme. Le guidon s\u2019ajuste dans le cran de votre hausse. Le Mouflon qui semblait si net et si facilement atteignable l\u2019instant pr\u00e9c\u00e9dent devient flou lorsque votre \u0153il s\u2019accommode sur le guidon. Vous attendez le commandement\u2026<\/p>\n<p style=\"text-align: justify;\">\u00ab\u00a0FEU\u00a0!\u00a0\u00bb Votre c\u0153ur bat plus fort. Votre doigt se pose sur la d\u00e9tente et augmente la pression, doucement, tout doucement. C\u2019est l\u2019instant de v\u00e9rit\u00e9.<\/p>\n<p style=\"text-align: justify;\">\u00ab\u00a0BOUMM\u00a0!\u00a0\u00bb\u2026 \u00ab\u00a0CLANG\u00a0!\u00a0\u00bb Vous venez de toucher en plein centre et faire basculer un Mouflon de quelques kilos pos\u00e9 \u00e0 100m, ou pour les amateurs de sensations fortes\u00a0: de 25 kilogrammes pour celui pos\u00e9 \u00e0 200m pour le Gros Calibre.<\/p>\n<p style=\"text-align: justify;\">La Silhouette M\u00e9tallique est un sport spectaculaire d\u2019\u00e9quipe (Coach-Tireur), de concentration et de grande pr\u00e9cision pour ceux qui veulent de l\u2019action. Elle s\u2019adresse aux amoureux du tir en ext\u00e9rieur et \u00e0 ceux qui veulent s\u2019\u00e9chapper un peu du tir sur cibles papier et des zones\u2026 Elle se pratique avec des armes s\u00e9lectionn\u00e9es qui atteignent des pr\u00e9cisions \u00e9quivalentes, voire sup\u00e9rieures aux carabines dans le m\u00eame calibre, mais avec des canons beaucoup plus courts\u2026<\/p>\n<p style=\"text-align: justify;\">Le r\u00e9sultat est imm\u00e9diatement visible\u00a0: renvers\u00e9 = 1 point, loup\u00e9 = 0, touch\u00e9 non tomb\u00e9 = 0. Lorsqu\u2019on touche, peu importe la zone\u00a0atteinte: il faut faire tomber la silhouette.<\/p>\n<p style=\"text-align: justify;\">Les matchs se tirent sur 40 silhouettes m\u00e9talliques pos\u00e9es \u00e0 des distances diff\u00e9rentes, + 5 coups d\u2019essai au d\u00e9part pour ajuster les r\u00e9glages. 1 coup par silhouette. On tire de la gauche vers la droite par s\u00e9rie de 5 en 2 minutes + 30\u2019 de rechargement.<\/p>\n<ul>\n<li>Pour la discipline dite \u00ab\u00a0<strong>Petit Calibre 22LR\u00a0<\/strong>\u00bb (celle qui est possible et pratiqu\u00e9e au TCSL)\u00a0:<\/li>\n<\/ul>\n<p>&#8211; <strong>4 distances de tir\u00a0<\/strong>: <strong>25-50-75 et 100m<\/strong><\/p>\n<p>&#8211; \u00e0<strong> 25m\u00a0:<\/strong> <strong>10 Poulets<\/strong> \u00e0 renverser, <strong>\u00e0 50m\u00a0:<\/strong> <strong>10 Cochons<\/strong>, <strong>\u00e0 75m\u00a0:<\/strong> <strong>10 Dindons<\/strong>, <strong>\u00e0 100m\u00a0: 10<\/strong> <strong>Mouflons<\/strong>.<\/p>\n<ul>\n<li style=\"text-align: justify;\">Pour la discipline dite \u00ab\u00a0<strong>Gros Calibre\u00a0<\/strong>\u00bb (non pratiqu\u00e9e au TCSL pour cause d\u2019infrastructures insuffisantes), \u00e9galement <strong>4 distances<\/strong>, mais celles-ci sont multipli\u00e9es par deux, soit\u00a0: <strong>50, 100,<\/strong> <strong>150, 200m<\/strong> (stands de Fr\u00e9jus et Vitrolles uniquement).<\/li>\n<\/ul>\n<p>Il existe\u00a0:<\/p>\n<ul>\n<li><strong>4<\/strong> <strong>disciplines<\/strong> de tir en \u00ab\u00a0<strong>Petit Calibre\u00a022LR<\/strong> \u00bb\u00a0: <strong>R\u00e9volver, Production, Unlimited<\/strong> et le <strong>Debout<\/strong>.<\/li>\n<li><strong> 4 disciplines <\/strong>identiques en \u00ab\u00a0<strong>Gros Calibre<\/strong>\u00bb + <strong>2 disciplines<\/strong> \u00ab\u00a0<strong>Field<\/strong>\u00a0\u00bb (Gros Calibre debout sur silhouettes r\u00e9duites de 25 \u00e0 100m).<\/li>\n<\/ul>\n<p>A tout ceci, \u00a0il faut rajouter\u00a0:<\/p>\n<ul>\n<li><strong>2 disciplines debout carabines \u00ab\u00a0Petit Calibre 22LR\u00a0\u00bb de 25 \u00e0 100m (stand TCSL \u00e9quip\u00e9).<\/strong><\/li>\n<li><strong> 2 disciplines<\/strong> <strong>debout<\/strong> <strong>carabines<\/strong> \u00ab\u00a0<strong>Gros Calibre\u00a0<\/strong>\u00bb, de 200m \u00e0 500m\u00a0!<\/li>\n<\/ul>\n<p>&nbsp;<\/p>\n<p style=\"text-align: justify;\">\u00c0 titre d\u2019exemple, avec un pistolet de type \u00ab\u00a0Contender\u00a0 10 pouces\u00a0\u00bb, dans chaque cat\u00e9gorie (petit ou gros calibre, sauf carabines), vous pouvez concourir dans 3 disciplines (sauf le r\u00e9volver).<\/p>\n<p>Didier F.<\/p>\n","protected":false},"excerpt":{"rendered":"<p>D\u00e9couverte du tir sur Silhouettes M\u00e9talliques Bien que d\u2019origine assez ancienne, la Silhouette M\u00e9tallique n\u2019a vu le jour sous sa forme actuelle qu\u2019en 1975 aux USA. Environ 50 000 tireurs pratiquent cette discipline, dans 26 pays et sur tous les continents. C\u2019est une discipline mondiale. Il y a un Championnat d\u2019Europe \u00e9galement tous les deux [&hellip;]<\/p>\n","protected":false},"author":1,"featured_media":0,"parent":975,"menu_order":0,"comment_status":"closed","ping_status":"closed","template":"","meta":{"footnotes":""},"class_list":["post-995","page","type-page","status-publish","hentry"],"yoast_head":"<!-- This site is optimized with the Yoast SEO plugin v27.4 - https:\/\/yoast.com\/product\/yoast-seo-wordpress\/ -->\n<title>Les Silhouettes M\u00e9talliques - TCSL<\/title>\n<meta name=\"robots\" content=\"index, follow, max-snippet:-1, max-image-preview:large, max-video-preview:-1\" \/>\n<link rel=\"canonical\" href=\"http:\/\/www.tcsl.fr\/index.php\/les-disciplines\/les-silhouettes-metalliques\/\" \/>\n<meta property=\"og:locale\" content=\"fr_FR\" \/>\n<meta property=\"og:type\" content=\"article\" \/>\n<meta property=\"og:title\" content=\"Les Silhouettes M\u00e9talliques - TCSL\" \/>\n<meta property=\"og:description\" content=\"D\u00e9couverte du tir sur Silhouettes M\u00e9talliques Bien que d\u2019origine assez ancienne, la Silhouette M\u00e9tallique n\u2019a vu le jour sous sa forme actuelle qu\u2019en 1975 aux USA. Environ 50 000 tireurs pratiquent cette discipline, dans 26 pays et sur tous les continents. C\u2019est une discipline mondiale. Il y a un Championnat d\u2019Europe \u00e9galement tous les deux [&hellip;]\" \/>\n<meta property=\"og:url\" content=\"http:\/\/www.tcsl.fr\/index.php\/les-disciplines\/les-silhouettes-metalliques\/\" \/>\n<meta property=\"og:site_name\" content=\"TCSL\" \/>\n<meta property=\"article:modified_time\" content=\"2016-10-16T12:29:39+00:00\" \/>\n<meta name=\"twitter:card\" content=\"summary_large_image\" \/>\n<meta name=\"twitter:label1\" content=\"Dur\u00e9e de lecture estim\u00e9e\" \/>\n\t<meta name=\"twitter:data1\" content=\"3 minutes\" \/>\n<script type=\"application\/ld+json\" class=\"yoast-schema-graph\">{\"@context\":\"https:\\\/\\\/schema.org\",\"@graph\":[{\"@type\":\"WebPage\",\"@id\":\"http:\\\/\\\/www.tcsl.fr\\\/index.php\\\/les-disciplines\\\/les-silhouettes-metalliques\\\/\",\"url\":\"http:\\\/\\\/www.tcsl.fr\\\/index.php\\\/les-disciplines\\\/les-silhouettes-metalliques\\\/\",\"name\":\"Les Silhouettes M\u00e9talliques - TCSL\",\"isPartOf\":{\"@id\":\"https:\\\/\\\/www.tcsl.fr\\\/#website\"},\"datePublished\":\"2016-10-04T17:59:49+00:00\",\"dateModified\":\"2016-10-16T12:29:39+00:00\",\"breadcrumb\":{\"@id\":\"http:\\\/\\\/www.tcsl.fr\\\/index.php\\\/les-disciplines\\\/les-silhouettes-metalliques\\\/#breadcrumb\"},\"inLanguage\":\"fr-FR\",\"potentialAction\":[{\"@type\":\"ReadAction\",\"target\":[\"http:\\\/\\\/www.tcsl.fr\\\/index.php\\\/les-disciplines\\\/les-silhouettes-metalliques\\\/\"]}]},{\"@type\":\"BreadcrumbList\",\"@id\":\"http:\\\/\\\/www.tcsl.fr\\\/index.php\\\/les-disciplines\\\/les-silhouettes-metalliques\\\/#breadcrumb\",\"itemListElement\":[{\"@type\":\"ListItem\",\"position\":1,\"name\":\"Accueil\",\"item\":\"https:\\\/\\\/www.tcsl.fr\\\/\"},{\"@type\":\"ListItem\",\"position\":2,\"name\":\"Les Disciplines\",\"item\":\"https:\\\/\\\/www.tcsl.fr\\\/index.php\\\/les-disciplines\\\/\"},{\"@type\":\"ListItem\",\"position\":3,\"name\":\"Les Silhouettes M\u00e9talliques\"}]},{\"@type\":\"WebSite\",\"@id\":\"https:\\\/\\\/www.tcsl.fr\\\/#website\",\"url\":\"https:\\\/\\\/www.tcsl.fr\\\/\",\"name\":\"TCSL\",\"description\":\"Le site du Tir Club Stade Laurentin\",\"publisher\":{\"@id\":\"https:\\\/\\\/www.tcsl.fr\\\/#organization\"},\"potentialAction\":[{\"@type\":\"SearchAction\",\"target\":{\"@type\":\"EntryPoint\",\"urlTemplate\":\"https:\\\/\\\/www.tcsl.fr\\\/?s={search_term_string}\"},\"query-input\":{\"@type\":\"PropertyValueSpecification\",\"valueRequired\":true,\"valueName\":\"search_term_string\"}}],\"inLanguage\":\"fr-FR\"},{\"@type\":\"Organization\",\"@id\":\"https:\\\/\\\/www.tcsl.fr\\\/#organization\",\"name\":\"TCSL\",\"url\":\"https:\\\/\\\/www.tcsl.fr\\\/\",\"logo\":{\"@type\":\"ImageObject\",\"inLanguage\":\"fr-FR\",\"@id\":\"https:\\\/\\\/www.tcsl.fr\\\/#\\\/schema\\\/logo\\\/image\\\/\",\"url\":\"http:\\\/\\\/www.tcsl.fr\\\/wp-content\\\/uploads\\\/2024\\\/10\\\/cropped-cropped-cropped-cropped-cropped-logo-lettrage-degrade-rouge-et-blanc-fond-bleu-300x123-1.jpg\",\"contentUrl\":\"http:\\\/\\\/www.tcsl.fr\\\/wp-content\\\/uploads\\\/2024\\\/10\\\/cropped-cropped-cropped-cropped-cropped-logo-lettrage-degrade-rouge-et-blanc-fond-bleu-300x123-1.jpg\",\"width\":240,\"height\":98,\"caption\":\"TCSL\"},\"image\":{\"@id\":\"https:\\\/\\\/www.tcsl.fr\\\/#\\\/schema\\\/logo\\\/image\\\/\"}}]}<\/script>\n<!-- \/ Yoast SEO plugin. -->","yoast_head_json":{"title":"Les Silhouettes M\u00e9talliques - TCSL","robots":{"index":"index","follow":"follow","max-snippet":"max-snippet:-1","max-image-preview":"max-image-preview:large","max-video-preview":"max-video-preview:-1"},"canonical":"http:\/\/www.tcsl.fr\/index.php\/les-disciplines\/les-silhouettes-metalliques\/","og_locale":"fr_FR","og_type":"article","og_title":"Les Silhouettes M\u00e9talliques - TCSL","og_description":"D\u00e9couverte du tir sur Silhouettes M\u00e9talliques Bien que d\u2019origine assez ancienne, la Silhouette M\u00e9tallique n\u2019a vu le jour sous sa forme actuelle qu\u2019en 1975 aux USA. Environ 50 000 tireurs pratiquent cette discipline, dans 26 pays et sur tous les continents. C\u2019est une discipline mondiale. Il y a un Championnat d\u2019Europe \u00e9galement tous les deux [&hellip;]","og_url":"http:\/\/www.tcsl.fr\/index.php\/les-disciplines\/les-silhouettes-metalliques\/","og_site_name":"TCSL","article_modified_time":"2016-10-16T12:29:39+00:00","twitter_card":"summary_large_image","twitter_misc":{"Dur\u00e9e de lecture estim\u00e9e":"3 minutes"},"schema":{"@context":"https:\/\/schema.org","@graph":[{"@type":"WebPage","@id":"http:\/\/www.tcsl.fr\/index.php\/les-disciplines\/les-silhouettes-metalliques\/","url":"http:\/\/www.tcsl.fr\/index.php\/les-disciplines\/les-silhouettes-metalliques\/","name":"Les Silhouettes M\u00e9talliques - TCSL","isPartOf":{"@id":"https:\/\/www.tcsl.fr\/#website"},"datePublished":"2016-10-04T17:59:49+00:00","dateModified":"2016-10-16T12:29:39+00:00","breadcrumb":{"@id":"http:\/\/www.tcsl.fr\/index.php\/les-disciplines\/les-silhouettes-metalliques\/#breadcrumb"},"inLanguage":"fr-FR","potentialAction":[{"@type":"ReadAction","target":["http:\/\/www.tcsl.fr\/index.php\/les-disciplines\/les-silhouettes-metalliques\/"]}]},{"@type":"BreadcrumbList","@id":"http:\/\/www.tcsl.fr\/index.php\/les-disciplines\/les-silhouettes-metalliques\/#breadcrumb","itemListElement":[{"@type":"ListItem","position":1,"name":"Accueil","item":"https:\/\/www.tcsl.fr\/"},{"@type":"ListItem","position":2,"name":"Les Disciplines","item":"https:\/\/www.tcsl.fr\/index.php\/les-disciplines\/"},{"@type":"ListItem","position":3,"name":"Les Silhouettes M\u00e9talliques"}]},{"@type":"WebSite","@id":"https:\/\/www.tcsl.fr\/#website","url":"https:\/\/www.tcsl.fr\/","name":"TCSL","description":"Le site du Tir Club Stade Laurentin","publisher":{"@id":"https:\/\/www.tcsl.fr\/#organization"},"potentialAction":[{"@type":"SearchAction","target":{"@type":"EntryPoint","urlTemplate":"https:\/\/www.tcsl.fr\/?s={search_term_string}"},"query-input":{"@type":"PropertyValueSpecification","valueRequired":true,"valueName":"search_term_string"}}],"inLanguage":"fr-FR"},{"@type":"Organization","@id":"https:\/\/www.tcsl.fr\/#organization","name":"TCSL","url":"https:\/\/www.tcsl.fr\/","logo":{"@type":"ImageObject","inLanguage":"fr-FR","@id":"https:\/\/www.tcsl.fr\/#\/schema\/logo\/image\/","url":"http:\/\/www.tcsl.fr\/wp-content\/uploads\/2024\/10\/cropped-cropped-cropped-cropped-cropped-logo-lettrage-degrade-rouge-et-blanc-fond-bleu-300x123-1.jpg","contentUrl":"http:\/\/www.tcsl.fr\/wp-content\/uploads\/2024\/10\/cropped-cropped-cropped-cropped-cropped-logo-lettrage-degrade-rouge-et-blanc-fond-bleu-300x123-1.jpg","width":240,"height":98,"caption":"TCSL"},"image":{"@id":"https:\/\/www.tcsl.fr\/#\/schema\/logo\/image\/"}}]}},"_links":{"self":[{"href":"http:\/\/www.tcsl.fr\/index.php\/wp-json\/wp\/v2\/pages\/995","targetHints":{"allow":["GET"]}}],"collection":[{"href":"http:\/\/www.tcsl.fr\/index.php\/wp-json\/wp\/v2\/pages"}],"about":[{"href":"http:\/\/www.tcsl.fr\/index.php\/wp-json\/wp\/v2\/types\/page"}],"author":[{"embeddable":true,"href":"http:\/\/www.tcsl.fr\/index.php\/wp-json\/wp\/v2\/users\/1"}],"replies":[{"embeddable":true,"href":"http:\/\/www.tcsl.fr\/index.php\/wp-json\/wp\/v2\/comments?post=995"}],"version-history":[{"count":6,"href":"http:\/\/www.tcsl.fr\/index.php\/wp-json\/wp\/v2\/pages\/995\/revisions"}],"predecessor-version":[{"id":1355,"href":"http:\/\/www.tcsl.fr\/index.php\/wp-json\/wp\/v2\/pages\/995\/revisions\/1355"}],"up":[{"embeddable":true,"href":"http:\/\/www.tcsl.fr\/index.php\/wp-json\/wp\/v2\/pages\/975"}],"wp:attachment":[{"href":"http:\/\/www.tcsl.fr\/index.php\/wp-json\/wp\/v2\/media?parent=995"}],"curies":[{"name":"wp","href":"https:\/\/api.w.org\/{rel}","templated":true}]}}