{"id":3212,"date":"2017-10-15T11:12:27","date_gmt":"2017-10-15T09:12:27","guid":{"rendered":"http:\/\/www.tcsl.fr\/?page_id=3212"},"modified":"2018-10-21T16:15:39","modified_gmt":"2018-10-21T14:15:39","slug":"22-lr-semi-auto","status":"publish","type":"page","link":"https:\/\/www.tcsl.fr\/index.php\/22-lr-semi-auto\/","title":{"rendered":"Gongs 22 LR  Semi-Auto"},"content":{"rendered":"<p>Ouvert \u00e0 tous les licenci\u00e9s du TCSL<\/p>\n<p>R\u00e9f\u00e9rent\u00a0: Andr\u00e9 VERANY<\/p>\n<p>Assistants: Eric COUFOULIN et Olivier VAREILLES<\/p>\n<p><strong><em>Tir aux Armes R\u00e9glementaires<\/em><\/strong><\/p>\n<p><strong><em>\u00c9preuve Carabine 22LR semi-auto<\/em><\/strong><\/p>\n<p>Le r\u00e8glement TAR comportait depuis son origine, il y plus de 10 ans, une seule \u00e9preuve Pistolet-Revolver se tirant \u00e0 l\u2019arme de poing et pour partie sur des cibles m\u00e9talliques carr\u00e9s plac\u00e9s \u00e0 25\u00a0m.<\/p>\n<p>Le r\u00e8glement dans sa version 2016 officialise une \u00e9preuve se tirant exclusivement sur des cibles m\u00e9talliques basculantes (sur axe) de type biathlon de diam\u00e8tre 11.5 cm, blanche sur fond sombre, \u00e0 25 et 50 m avec des carabines <strong>22LR<\/strong> semi-auto ayant l\u2019apparence d\u2019une arme militaire.<\/p>\n<p>Un stand est en cours d\u2019installation et fonctionne dans l\u2019espace entre le 50 m 22LR et le stand Armes Anciennes.<\/p>\n<p>Ce stand sera ouvert en pr\u00e9sence d\u2019un responsable.<\/p>\n<p><strong>L\u2019\u00e9preuve se d\u00e9roule de la mani\u00e8re suivante\u00a0:<\/strong><\/p>\n<ul>\n<li><strong>1 s\u00e9rie de 10 balles d\u2019essai en 30 secondes \u00e0 la distance choisie par le tireur<\/strong><\/li>\n<li><strong>1 s\u00e9rie de 10 coups de match en 30 secondes (pr\u00e9cision) \u2013 5 cibles \u00e0 25 m et 5 cibles \u00e0 50 m. <em>\u00a0 <\/em><\/strong><em>Soit un temps de 3 secondes par coup<\/em>.<strong><br \/>\n<\/strong><\/li>\n<li><strong>1 s\u00e9rie de 10 coups en 20 secondes (vitesse) &#8211; 5 cibles \u00e0 25 m et 5 cibles \u00e0 50 m.\u00a0\u00a0 <\/strong><em>Soit un temps de 2 secondes par coup<\/em><em> . <\/em><\/li>\n<li><strong>Ordre de tir libre<\/strong><\/li>\n<li><strong>10 points par cible tomb\u00e9e <\/strong><\/li>\n<li><strong>Tir debout sans appui ni bretelle <\/strong><\/li>\n<\/ul>\n<p><strong>Partie technique\u00a0:<\/strong><\/p>\n<p><strong>Le choix du mat\u00e9riel<\/strong><\/p>\n<ul>\n<li>Toute carabine 22LR semi-auto ayant l\u2019apparence d\u2019une arme militaire\u00a0:<\/li>\n<\/ul>\n<p>Erma , Gevarm , Unique type USM1 ou Famas, Ruger 10\/22 avec la crosse ad hoc.<\/p>\n<ul>\n<li>Des copies de kalachnikov, M16 et autres de fabrication italienne (Armi Jager) des ann\u00e9es 1970\/1980.<\/li>\n<li>Des copies de type M16 et M4 et autres fusils d\u2019assaut modernes, \u2026..<\/li>\n<li>Th\u00e9oriquement aussi, toute arme militaire semi-auto \u00e9quip\u00e9e de sa conversion 22LR\u00a0: M16, FAL, \u2026.<\/li>\n<\/ul>\n<p>Le r\u00e8glement ne sp\u00e9cifie pas si l\u2019apparence d\u2019une arme militaire doit \u00eatre d\u2019origine ou peut r\u00e9sulter de la modification d\u2019une carabine existante ni jusqu\u2019ou vont les apparences.<\/p>\n<p>Si le r\u00e8glement doit \u00eatre interpr\u00e9t\u00e9 strictement, cela exclu les versions 22LR de pistolets mitrailleurs.<\/p>\n<p>Le r\u00e8glement n\u2019indique rien sur l\u2019usage d\u2019un mode de vis\u00e9e d\u2019origine ou adapt\u00e9 de type point rouge, lunette (de faible grossissement max 3), r\u00e9ticule illumin\u00e9\u00a0: pas interdits donc autoris\u00e9s.<\/p>\n<p>Tous ces types de vis\u00e9e apportent une am\u00e9lioration certaine de la pr\u00e9cision.<\/p>\n<p><strong>La technique <\/strong><\/p>\n<p>Cette discipline \u00e0 l\u2019air facile tant que l\u2019on n\u2019a pas essay\u00e9\u00a0!<\/p>\n<p>Il est relativement ais\u00e9 de faire tomber 5 cibles \u00e0 25 m assez rapidement.<\/p>\n<p>Encha\u00eener \u00e0 50 m dans le temps restant pour obtenir r\u00e9guli\u00e8rement un r\u00e9sultat sup\u00e9rieur \u00e0 140 ou 160\/200 l\u2019est beaucoup moins.<\/p>\n<p>Les septiques pourront essayer de voir sans entra\u00eenement quelle est leur proportion moyenne d\u2019impact debout sur 10 coups sans appui et sans d\u00e9s\u00e9pauler \u00e0 50 m dans un visuel de 11.5 cm.<\/p>\n<p>Un r\u00e9glage pr\u00e9cis d\u2019un point d\u2019impact correspondant au centre de la cible, au point vis\u00e9 est indispensable.<\/p>\n<p>La position de d\u00e9part debout, le fusil tenu horizontalement \u00e0 hauteur de la hanche, la prise de vis\u00e9e et le balayage lat\u00e9ral des deux s\u00e9ries de cibles, la gestion de la respiration, n\u00e9cessitent d\u2019acqu\u00e9rir un geste technique \u00e9quivalent \u00e0 celui n\u00e9cessaire pour le sanglier courant.<\/p>\n<p>La ma\u00eetrise des fondamentaux du tir debout de pr\u00e9cision type ISSF Air Comprim\u00e9 ou 22LR reste n\u00e9cessaire, ainsi que de bonnes notions des positions de tir dynamique et en mouvement.<\/p>\n<p><strong>Les munitions <\/strong><\/p>\n<p>Pour obtenir le moins d\u2019\u00e9cart possible entre 25 et 50 m et avoir une bonne efficacit\u00e9, des 22LR rapides ou hautes vitesses de qualit\u00e9 sont bien utiles, comme un fonctionnement m\u00e9canique parfait\u00a0:<\/p>\n<p>En 30 ou 20 secondes, il reste peu de temps pour r\u00e9gler un incident comme d\u2019aller chercher un \u00e9tui coinc\u00e9 au mauvais endroit (il n\u2019y pas de contrep\u00e8terie).<\/p>\n<p><strong><em>Une discipline fun et ludique, quoique technique, qui consomme all\u00e9grement 100 cartouches \u00e0 la s\u00e9ance. <\/em><\/strong><\/p>\n<p><strong><em>Hors comp\u00e9tition officielle, rien n\u2019interdit de participer avec une 22LR \u00ab\u00a0civile\u00a0\u00bb. <\/em><\/strong><\/p>\n<p><strong><em>Sortez les 22LR semi-auto de leur placard, pour une fois qu\u2019une discipline sportive permet de tirer avec autre chose que des armes de match profitons-en\u00a0!<\/em><\/strong><\/p>\n<p>&nbsp;<\/p>\n<p>&nbsp;<\/p>\n","protected":false},"excerpt":{"rendered":"<p>Ouvert \u00e0 tous les licenci\u00e9s du TCSL R\u00e9f\u00e9rent\u00a0: Andr\u00e9 VERANY Assistants: Eric COUFOULIN et Olivier VAREILLES Tir aux Armes R\u00e9glementaires \u00c9preuve Carabine 22LR semi-auto Le r\u00e8glement TAR comportait depuis son origine, il y plus de 10 ans, une seule \u00e9preuve Pistolet-Revolver se tirant \u00e0 l\u2019arme de poing et pour partie sur des cibles m\u00e9talliques carr\u00e9s [&hellip;]<\/p>\n","protected":false},"author":1,"featured_media":0,"parent":0,"menu_order":0,"comment_status":"closed","ping_status":"closed","template":"","meta":{"footnotes":""},"class_list":["post-3212","page","type-page","status-publish","hentry"],"yoast_head":"<!-- This site is optimized with the Yoast SEO plugin v27.4 - https:\/\/yoast.com\/product\/yoast-seo-wordpress\/ -->\n<title>Gongs 22 LR Semi-Auto - TCSL<\/title>\n<meta name=\"robots\" content=\"index, follow, max-snippet:-1, max-image-preview:large, max-video-preview:-1\" \/>\n<link rel=\"canonical\" href=\"https:\/\/www.tcsl.fr\/index.php\/22-lr-semi-auto\/\" \/>\n<meta property=\"og:locale\" content=\"fr_FR\" \/>\n<meta property=\"og:type\" content=\"article\" \/>\n<meta property=\"og:title\" content=\"Gongs 22 LR Semi-Auto - TCSL\" \/>\n<meta property=\"og:description\" content=\"Ouvert \u00e0 tous les licenci\u00e9s du TCSL R\u00e9f\u00e9rent\u00a0: Andr\u00e9 VERANY Assistants: Eric COUFOULIN et Olivier VAREILLES Tir aux Armes R\u00e9glementaires \u00c9preuve Carabine 22LR semi-auto Le r\u00e8glement TAR comportait depuis son origine, il y plus de 10 ans, une seule \u00e9preuve Pistolet-Revolver se tirant \u00e0 l\u2019arme de poing et pour partie sur des cibles m\u00e9talliques carr\u00e9s [&hellip;]\" \/>\n<meta property=\"og:url\" content=\"https:\/\/www.tcsl.fr\/index.php\/22-lr-semi-auto\/\" \/>\n<meta property=\"og:site_name\" content=\"TCSL\" \/>\n<meta property=\"article:modified_time\" content=\"2018-10-21T14:15:39+00:00\" \/>\n<meta name=\"twitter:card\" content=\"summary_large_image\" \/>\n<meta name=\"twitter:label1\" content=\"Dur\u00e9e de lecture estim\u00e9e\" \/>\n\t<meta name=\"twitter:data1\" content=\"4 minutes\" \/>\n<script type=\"application\/ld+json\" class=\"yoast-schema-graph\">{\"@context\":\"https:\\\/\\\/schema.org\",\"@graph\":[{\"@type\":\"WebPage\",\"@id\":\"https:\\\/\\\/www.tcsl.fr\\\/index.php\\\/22-lr-semi-auto\\\/\",\"url\":\"https:\\\/\\\/www.tcsl.fr\\\/index.php\\\/22-lr-semi-auto\\\/\",\"name\":\"Gongs 22 LR Semi-Auto - TCSL\",\"isPartOf\":{\"@id\":\"https:\\\/\\\/www.tcsl.fr\\\/#website\"},\"datePublished\":\"2017-10-15T09:12:27+00:00\",\"dateModified\":\"2018-10-21T14:15:39+00:00\",\"breadcrumb\":{\"@id\":\"https:\\\/\\\/www.tcsl.fr\\\/index.php\\\/22-lr-semi-auto\\\/#breadcrumb\"},\"inLanguage\":\"fr-FR\",\"potentialAction\":[{\"@type\":\"ReadAction\",\"target\":[\"https:\\\/\\\/www.tcsl.fr\\\/index.php\\\/22-lr-semi-auto\\\/\"]}]},{\"@type\":\"BreadcrumbList\",\"@id\":\"https:\\\/\\\/www.tcsl.fr\\\/index.php\\\/22-lr-semi-auto\\\/#breadcrumb\",\"itemListElement\":[{\"@type\":\"ListItem\",\"position\":1,\"name\":\"Accueil\",\"item\":\"https:\\\/\\\/www.tcsl.fr\\\/\"},{\"@type\":\"ListItem\",\"position\":2,\"name\":\"Gongs 22 LR Semi-Auto\"}]},{\"@type\":\"WebSite\",\"@id\":\"https:\\\/\\\/www.tcsl.fr\\\/#website\",\"url\":\"https:\\\/\\\/www.tcsl.fr\\\/\",\"name\":\"TCSL\",\"description\":\"Le site du Tir Club Stade Laurentin\",\"publisher\":{\"@id\":\"https:\\\/\\\/www.tcsl.fr\\\/#organization\"},\"potentialAction\":[{\"@type\":\"SearchAction\",\"target\":{\"@type\":\"EntryPoint\",\"urlTemplate\":\"https:\\\/\\\/www.tcsl.fr\\\/?s={search_term_string}\"},\"query-input\":{\"@type\":\"PropertyValueSpecification\",\"valueRequired\":true,\"valueName\":\"search_term_string\"}}],\"inLanguage\":\"fr-FR\"},{\"@type\":\"Organization\",\"@id\":\"https:\\\/\\\/www.tcsl.fr\\\/#organization\",\"name\":\"TCSL\",\"url\":\"https:\\\/\\\/www.tcsl.fr\\\/\",\"logo\":{\"@type\":\"ImageObject\",\"inLanguage\":\"fr-FR\",\"@id\":\"https:\\\/\\\/www.tcsl.fr\\\/#\\\/schema\\\/logo\\\/image\\\/\",\"url\":\"https:\\\/\\\/www.tcsl.fr\\\/wp-content\\\/uploads\\\/2024\\\/10\\\/cropped-cropped-cropped-cropped-cropped-logo-lettrage-degrade-rouge-et-blanc-fond-bleu-300x123-1.jpg\",\"contentUrl\":\"https:\\\/\\\/www.tcsl.fr\\\/wp-content\\\/uploads\\\/2024\\\/10\\\/cropped-cropped-cropped-cropped-cropped-logo-lettrage-degrade-rouge-et-blanc-fond-bleu-300x123-1.jpg\",\"width\":240,\"height\":98,\"caption\":\"TCSL\"},\"image\":{\"@id\":\"https:\\\/\\\/www.tcsl.fr\\\/#\\\/schema\\\/logo\\\/image\\\/\"}}]}<\/script>\n<!-- \/ Yoast SEO plugin. -->","yoast_head_json":{"title":"Gongs 22 LR Semi-Auto - TCSL","robots":{"index":"index","follow":"follow","max-snippet":"max-snippet:-1","max-image-preview":"max-image-preview:large","max-video-preview":"max-video-preview:-1"},"canonical":"https:\/\/www.tcsl.fr\/index.php\/22-lr-semi-auto\/","og_locale":"fr_FR","og_type":"article","og_title":"Gongs 22 LR Semi-Auto - TCSL","og_description":"Ouvert \u00e0 tous les licenci\u00e9s du TCSL R\u00e9f\u00e9rent\u00a0: Andr\u00e9 VERANY Assistants: Eric COUFOULIN et Olivier VAREILLES Tir aux Armes R\u00e9glementaires \u00c9preuve Carabine 22LR semi-auto Le r\u00e8glement TAR comportait depuis son origine, il y plus de 10 ans, une seule \u00e9preuve Pistolet-Revolver se tirant \u00e0 l\u2019arme de poing et pour partie sur des cibles m\u00e9talliques carr\u00e9s [&hellip;]","og_url":"https:\/\/www.tcsl.fr\/index.php\/22-lr-semi-auto\/","og_site_name":"TCSL","article_modified_time":"2018-10-21T14:15:39+00:00","twitter_card":"summary_large_image","twitter_misc":{"Dur\u00e9e de lecture estim\u00e9e":"4 minutes"},"schema":{"@context":"https:\/\/schema.org","@graph":[{"@type":"WebPage","@id":"https:\/\/www.tcsl.fr\/index.php\/22-lr-semi-auto\/","url":"https:\/\/www.tcsl.fr\/index.php\/22-lr-semi-auto\/","name":"Gongs 22 LR Semi-Auto - TCSL","isPartOf":{"@id":"https:\/\/www.tcsl.fr\/#website"},"datePublished":"2017-10-15T09:12:27+00:00","dateModified":"2018-10-21T14:15:39+00:00","breadcrumb":{"@id":"https:\/\/www.tcsl.fr\/index.php\/22-lr-semi-auto\/#breadcrumb"},"inLanguage":"fr-FR","potentialAction":[{"@type":"ReadAction","target":["https:\/\/www.tcsl.fr\/index.php\/22-lr-semi-auto\/"]}]},{"@type":"BreadcrumbList","@id":"https:\/\/www.tcsl.fr\/index.php\/22-lr-semi-auto\/#breadcrumb","itemListElement":[{"@type":"ListItem","position":1,"name":"Accueil","item":"https:\/\/www.tcsl.fr\/"},{"@type":"ListItem","position":2,"name":"Gongs 22 LR Semi-Auto"}]},{"@type":"WebSite","@id":"https:\/\/www.tcsl.fr\/#website","url":"https:\/\/www.tcsl.fr\/","name":"TCSL","description":"Le site du Tir Club Stade Laurentin","publisher":{"@id":"https:\/\/www.tcsl.fr\/#organization"},"potentialAction":[{"@type":"SearchAction","target":{"@type":"EntryPoint","urlTemplate":"https:\/\/www.tcsl.fr\/?s={search_term_string}"},"query-input":{"@type":"PropertyValueSpecification","valueRequired":true,"valueName":"search_term_string"}}],"inLanguage":"fr-FR"},{"@type":"Organization","@id":"https:\/\/www.tcsl.fr\/#organization","name":"TCSL","url":"https:\/\/www.tcsl.fr\/","logo":{"@type":"ImageObject","inLanguage":"fr-FR","@id":"https:\/\/www.tcsl.fr\/#\/schema\/logo\/image\/","url":"https:\/\/www.tcsl.fr\/wp-content\/uploads\/2024\/10\/cropped-cropped-cropped-cropped-cropped-logo-lettrage-degrade-rouge-et-blanc-fond-bleu-300x123-1.jpg","contentUrl":"https:\/\/www.tcsl.fr\/wp-content\/uploads\/2024\/10\/cropped-cropped-cropped-cropped-cropped-logo-lettrage-degrade-rouge-et-blanc-fond-bleu-300x123-1.jpg","width":240,"height":98,"caption":"TCSL"},"image":{"@id":"https:\/\/www.tcsl.fr\/#\/schema\/logo\/image\/"}}]}},"_links":{"self":[{"href":"https:\/\/www.tcsl.fr\/index.php\/wp-json\/wp\/v2\/pages\/3212","targetHints":{"allow":["GET"]}}],"collection":[{"href":"https:\/\/www.tcsl.fr\/index.php\/wp-json\/wp\/v2\/pages"}],"about":[{"href":"https:\/\/www.tcsl.fr\/index.php\/wp-json\/wp\/v2\/types\/page"}],"author":[{"embeddable":true,"href":"https:\/\/www.tcsl.fr\/index.php\/wp-json\/wp\/v2\/users\/1"}],"replies":[{"embeddable":true,"href":"https:\/\/www.tcsl.fr\/index.php\/wp-json\/wp\/v2\/comments?post=3212"}],"version-history":[{"count":16,"href":"https:\/\/www.tcsl.fr\/index.php\/wp-json\/wp\/v2\/pages\/3212\/revisions"}],"predecessor-version":[{"id":4132,"href":"https:\/\/www.tcsl.fr\/index.php\/wp-json\/wp\/v2\/pages\/3212\/revisions\/4132"}],"wp:attachment":[{"href":"https:\/\/www.tcsl.fr\/index.php\/wp-json\/wp\/v2\/media?parent=3212"}],"curies":[{"name":"wp","href":"https:\/\/api.w.org\/{rel}","templated":true}]}}