{"id":861,"date":"2016-10-04T11:47:36","date_gmt":"2016-10-04T09:47:36","guid":{"rendered":"http:\/\/www.tcsl.fr\/?page_id=861"},"modified":"2024-10-10T15:51:35","modified_gmt":"2024-10-10T13:51:35","slug":"le-10m","status":"publish","type":"page","link":"https:\/\/www.tcsl.fr\/index.php\/les-installations\/le-10m\/","title":{"rendered":"Le 10m"},"content":{"rendered":"<p style=\"text-align: center;\"><a href=\"http:\/\/www.tcsl.fr\/wp-content\/uploads\/2016\/10\/10m-Postes-de-tir.jpg\" target=\"_blank\" rel=\"noopener\"><img loading=\"lazy\" decoding=\"async\" class=\"aligncenter wp-image-800 size-large\" src=\"http:\/\/www.tcsl.fr\/wp-content\/uploads\/2016\/10\/10m-Postes-de-tir-1024x680.jpg\" alt=\"10m-postes-de-tir\" width=\"640\" height=\"425\" srcset=\"https:\/\/www.tcsl.fr\/wp-content\/uploads\/2016\/10\/10m-Postes-de-tir-1024x680.jpg 1024w, https:\/\/www.tcsl.fr\/wp-content\/uploads\/2016\/10\/10m-Postes-de-tir-300x199.jpg 300w, https:\/\/www.tcsl.fr\/wp-content\/uploads\/2016\/10\/10m-Postes-de-tir-768x510.jpg 768w, https:\/\/www.tcsl.fr\/wp-content\/uploads\/2016\/10\/10m-Postes-de-tir.jpg 1627w\" sizes=\"auto, (max-width: 640px) 100vw, 640px\" \/><\/a><\/p>\n<p style=\"text-align: center;\">Le pas-de-tir 10 m est \u00e9quip\u00e9 de :<br \/>\n14 cibles avec rameneurs manuels,<br \/>\n<strong><span style=\"color: #ff0000;\">10 cibles \u00e9lectroniques mises uniquement \u00e0 la disposition des Comp\u00e9titeurs.<\/span><\/strong><\/p>\n<p style=\"text-align: center;\"><a href=\"http:\/\/www.tcsl.fr\/wp-content\/uploads\/2016\/10\/10m-Cibles-Vitesse.jpg\" target=\"_blank\" rel=\"noopener\"><img loading=\"lazy\" decoding=\"async\" class=\"aligncenter wp-image-799 size-large\" src=\"http:\/\/www.tcsl.fr\/wp-content\/uploads\/2016\/10\/10m-Cibles-Vitesse-1024x680.jpg\" alt=\"10m-cibles-vitesse\" width=\"640\" height=\"425\" srcset=\"https:\/\/www.tcsl.fr\/wp-content\/uploads\/2016\/10\/10m-Cibles-Vitesse-1024x680.jpg 1024w, https:\/\/www.tcsl.fr\/wp-content\/uploads\/2016\/10\/10m-Cibles-Vitesse-300x199.jpg 300w, https:\/\/www.tcsl.fr\/wp-content\/uploads\/2016\/10\/10m-Cibles-Vitesse-768x510.jpg 768w, https:\/\/www.tcsl.fr\/wp-content\/uploads\/2016\/10\/10m-Cibles-Vitesse.jpg 1627w\" sizes=\"auto, (max-width: 640px) 100vw, 640px\" \/><\/a><\/p>\n<p style=\"text-align: center;\">Le stand 10 m est \u00e9galement \u00e9quip\u00e9 d&rsquo;une ciblerie vitesse<\/p>\n<p style=\"text-align: center;\">\n","protected":false},"excerpt":{"rendered":"<p>Le pas-de-tir 10 m est \u00e9quip\u00e9 de : 14 cibles avec rameneurs manuels, 10 cibles \u00e9lectroniques mises uniquement \u00e0 la disposition des Comp\u00e9titeurs. Le stand 10 m est \u00e9galement \u00e9quip\u00e9 d&rsquo;une ciblerie vitesse<\/p>\n","protected":false},"author":1,"featured_media":0,"parent":859,"menu_order":0,"comment_status":"closed","ping_status":"closed","template":"","meta":{"footnotes":""},"class_list":["post-861","page","type-page","status-publish","hentry"],"yoast_head":"<!-- This site is optimized with the Yoast SEO plugin v27.5 - https:\/\/yoast.com\/product\/yoast-seo-wordpress\/ -->\n<title>Le 10m - TCSL<\/title>\n<meta name=\"robots\" content=\"index, follow, max-snippet:-1, max-image-preview:large, max-video-preview:-1\" \/>\n<link rel=\"canonical\" href=\"https:\/\/www.tcsl.fr\/index.php\/les-installations\/le-10m\/\" \/>\n<meta property=\"og:locale\" content=\"fr_FR\" \/>\n<meta property=\"og:type\" content=\"article\" \/>\n<meta property=\"og:title\" content=\"Le 10m - TCSL\" \/>\n<meta property=\"og:description\" content=\"Le pas-de-tir 10 m est \u00e9quip\u00e9 de : 14 cibles avec rameneurs manuels, 10 cibles \u00e9lectroniques mises uniquement \u00e0 la disposition des Comp\u00e9titeurs. Le stand 10 m est \u00e9galement \u00e9quip\u00e9 d&rsquo;une ciblerie vitesse\" \/>\n<meta property=\"og:url\" content=\"https:\/\/www.tcsl.fr\/index.php\/les-installations\/le-10m\/\" \/>\n<meta property=\"og:site_name\" content=\"TCSL\" \/>\n<meta property=\"article:modified_time\" content=\"2024-10-10T13:51:35+00:00\" \/>\n<meta property=\"og:image\" content=\"http:\/\/www.tcsl.fr\/wp-content\/uploads\/2016\/10\/10m-Postes-de-tir-1024x680.jpg\" \/>\n<meta name=\"twitter:card\" content=\"summary_large_image\" \/>\n<meta name=\"twitter:label1\" content=\"Dur\u00e9e de lecture estim\u00e9e\" \/>\n\t<meta name=\"twitter:data1\" content=\"1 minute\" \/>\n<script type=\"application\/ld+json\" class=\"yoast-schema-graph\">{\"@context\":\"https:\\\/\\\/schema.org\",\"@graph\":[{\"@type\":\"WebPage\",\"@id\":\"https:\\\/\\\/www.tcsl.fr\\\/index.php\\\/les-installations\\\/le-10m\\\/\",\"url\":\"https:\\\/\\\/www.tcsl.fr\\\/index.php\\\/les-installations\\\/le-10m\\\/\",\"name\":\"Le 10m - TCSL\",\"isPartOf\":{\"@id\":\"https:\\\/\\\/www.tcsl.fr\\\/#website\"},\"primaryImageOfPage\":{\"@id\":\"https:\\\/\\\/www.tcsl.fr\\\/index.php\\\/les-installations\\\/le-10m\\\/#primaryimage\"},\"image\":{\"@id\":\"https:\\\/\\\/www.tcsl.fr\\\/index.php\\\/les-installations\\\/le-10m\\\/#primaryimage\"},\"thumbnailUrl\":\"http:\\\/\\\/www.tcsl.fr\\\/wp-content\\\/uploads\\\/2016\\\/10\\\/10m-Postes-de-tir-1024x680.jpg\",\"datePublished\":\"2016-10-04T09:47:36+00:00\",\"dateModified\":\"2024-10-10T13:51:35+00:00\",\"breadcrumb\":{\"@id\":\"https:\\\/\\\/www.tcsl.fr\\\/index.php\\\/les-installations\\\/le-10m\\\/#breadcrumb\"},\"inLanguage\":\"fr-FR\",\"potentialAction\":[{\"@type\":\"ReadAction\",\"target\":[\"https:\\\/\\\/www.tcsl.fr\\\/index.php\\\/les-installations\\\/le-10m\\\/\"]}]},{\"@type\":\"ImageObject\",\"inLanguage\":\"fr-FR\",\"@id\":\"https:\\\/\\\/www.tcsl.fr\\\/index.php\\\/les-installations\\\/le-10m\\\/#primaryimage\",\"url\":\"http:\\\/\\\/www.tcsl.fr\\\/wp-content\\\/uploads\\\/2016\\\/10\\\/10m-Postes-de-tir-1024x680.jpg\",\"contentUrl\":\"http:\\\/\\\/www.tcsl.fr\\\/wp-content\\\/uploads\\\/2016\\\/10\\\/10m-Postes-de-tir-1024x680.jpg\"},{\"@type\":\"BreadcrumbList\",\"@id\":\"https:\\\/\\\/www.tcsl.fr\\\/index.php\\\/les-installations\\\/le-10m\\\/#breadcrumb\",\"itemListElement\":[{\"@type\":\"ListItem\",\"position\":1,\"name\":\"Accueil\",\"item\":\"https:\\\/\\\/www.tcsl.fr\\\/\"},{\"@type\":\"ListItem\",\"position\":2,\"name\":\"Les Installations\",\"item\":\"https:\\\/\\\/www.tcsl.fr\\\/index.php\\\/les-installations\\\/\"},{\"@type\":\"ListItem\",\"position\":3,\"name\":\"Le 10m\"}]},{\"@type\":\"WebSite\",\"@id\":\"https:\\\/\\\/www.tcsl.fr\\\/#website\",\"url\":\"https:\\\/\\\/www.tcsl.fr\\\/\",\"name\":\"TCSL\",\"description\":\"Le site du Tir Club Stade Laurentin\",\"publisher\":{\"@id\":\"https:\\\/\\\/www.tcsl.fr\\\/#organization\"},\"potentialAction\":[{\"@type\":\"SearchAction\",\"target\":{\"@type\":\"EntryPoint\",\"urlTemplate\":\"https:\\\/\\\/www.tcsl.fr\\\/?s={search_term_string}\"},\"query-input\":{\"@type\":\"PropertyValueSpecification\",\"valueRequired\":true,\"valueName\":\"search_term_string\"}}],\"inLanguage\":\"fr-FR\"},{\"@type\":\"Organization\",\"@id\":\"https:\\\/\\\/www.tcsl.fr\\\/#organization\",\"name\":\"TCSL\",\"url\":\"https:\\\/\\\/www.tcsl.fr\\\/\",\"logo\":{\"@type\":\"ImageObject\",\"inLanguage\":\"fr-FR\",\"@id\":\"https:\\\/\\\/www.tcsl.fr\\\/#\\\/schema\\\/logo\\\/image\\\/\",\"url\":\"https:\\\/\\\/www.tcsl.fr\\\/wp-content\\\/uploads\\\/2024\\\/10\\\/cropped-cropped-cropped-cropped-cropped-logo-lettrage-degrade-rouge-et-blanc-fond-bleu-300x123-1.jpg\",\"contentUrl\":\"https:\\\/\\\/www.tcsl.fr\\\/wp-content\\\/uploads\\\/2024\\\/10\\\/cropped-cropped-cropped-cropped-cropped-logo-lettrage-degrade-rouge-et-blanc-fond-bleu-300x123-1.jpg\",\"width\":240,\"height\":98,\"caption\":\"TCSL\"},\"image\":{\"@id\":\"https:\\\/\\\/www.tcsl.fr\\\/#\\\/schema\\\/logo\\\/image\\\/\"}}]}<\/script>\n<!-- \/ Yoast SEO plugin. -->","yoast_head_json":{"title":"Le 10m - TCSL","robots":{"index":"index","follow":"follow","max-snippet":"max-snippet:-1","max-image-preview":"max-image-preview:large","max-video-preview":"max-video-preview:-1"},"canonical":"https:\/\/www.tcsl.fr\/index.php\/les-installations\/le-10m\/","og_locale":"fr_FR","og_type":"article","og_title":"Le 10m - TCSL","og_description":"Le pas-de-tir 10 m est \u00e9quip\u00e9 de : 14 cibles avec rameneurs manuels, 10 cibles \u00e9lectroniques mises uniquement \u00e0 la disposition des Comp\u00e9titeurs. Le stand 10 m est \u00e9galement \u00e9quip\u00e9 d&rsquo;une ciblerie vitesse","og_url":"https:\/\/www.tcsl.fr\/index.php\/les-installations\/le-10m\/","og_site_name":"TCSL","article_modified_time":"2024-10-10T13:51:35+00:00","og_image":[{"url":"http:\/\/www.tcsl.fr\/wp-content\/uploads\/2016\/10\/10m-Postes-de-tir-1024x680.jpg","type":"","width":"","height":""}],"twitter_card":"summary_large_image","twitter_misc":{"Dur\u00e9e de lecture estim\u00e9e":"1 minute"},"schema":{"@context":"https:\/\/schema.org","@graph":[{"@type":"WebPage","@id":"https:\/\/www.tcsl.fr\/index.php\/les-installations\/le-10m\/","url":"https:\/\/www.tcsl.fr\/index.php\/les-installations\/le-10m\/","name":"Le 10m - TCSL","isPartOf":{"@id":"https:\/\/www.tcsl.fr\/#website"},"primaryImageOfPage":{"@id":"https:\/\/www.tcsl.fr\/index.php\/les-installations\/le-10m\/#primaryimage"},"image":{"@id":"https:\/\/www.tcsl.fr\/index.php\/les-installations\/le-10m\/#primaryimage"},"thumbnailUrl":"http:\/\/www.tcsl.fr\/wp-content\/uploads\/2016\/10\/10m-Postes-de-tir-1024x680.jpg","datePublished":"2016-10-04T09:47:36+00:00","dateModified":"2024-10-10T13:51:35+00:00","breadcrumb":{"@id":"https:\/\/www.tcsl.fr\/index.php\/les-installations\/le-10m\/#breadcrumb"},"inLanguage":"fr-FR","potentialAction":[{"@type":"ReadAction","target":["https:\/\/www.tcsl.fr\/index.php\/les-installations\/le-10m\/"]}]},{"@type":"ImageObject","inLanguage":"fr-FR","@id":"https:\/\/www.tcsl.fr\/index.php\/les-installations\/le-10m\/#primaryimage","url":"http:\/\/www.tcsl.fr\/wp-content\/uploads\/2016\/10\/10m-Postes-de-tir-1024x680.jpg","contentUrl":"http:\/\/www.tcsl.fr\/wp-content\/uploads\/2016\/10\/10m-Postes-de-tir-1024x680.jpg"},{"@type":"BreadcrumbList","@id":"https:\/\/www.tcsl.fr\/index.php\/les-installations\/le-10m\/#breadcrumb","itemListElement":[{"@type":"ListItem","position":1,"name":"Accueil","item":"https:\/\/www.tcsl.fr\/"},{"@type":"ListItem","position":2,"name":"Les Installations","item":"https:\/\/www.tcsl.fr\/index.php\/les-installations\/"},{"@type":"ListItem","position":3,"name":"Le 10m"}]},{"@type":"WebSite","@id":"https:\/\/www.tcsl.fr\/#website","url":"https:\/\/www.tcsl.fr\/","name":"TCSL","description":"Le site du Tir Club Stade Laurentin","publisher":{"@id":"https:\/\/www.tcsl.fr\/#organization"},"potentialAction":[{"@type":"SearchAction","target":{"@type":"EntryPoint","urlTemplate":"https:\/\/www.tcsl.fr\/?s={search_term_string}"},"query-input":{"@type":"PropertyValueSpecification","valueRequired":true,"valueName":"search_term_string"}}],"inLanguage":"fr-FR"},{"@type":"Organization","@id":"https:\/\/www.tcsl.fr\/#organization","name":"TCSL","url":"https:\/\/www.tcsl.fr\/","logo":{"@type":"ImageObject","inLanguage":"fr-FR","@id":"https:\/\/www.tcsl.fr\/#\/schema\/logo\/image\/","url":"https:\/\/www.tcsl.fr\/wp-content\/uploads\/2024\/10\/cropped-cropped-cropped-cropped-cropped-logo-lettrage-degrade-rouge-et-blanc-fond-bleu-300x123-1.jpg","contentUrl":"https:\/\/www.tcsl.fr\/wp-content\/uploads\/2024\/10\/cropped-cropped-cropped-cropped-cropped-logo-lettrage-degrade-rouge-et-blanc-fond-bleu-300x123-1.jpg","width":240,"height":98,"caption":"TCSL"},"image":{"@id":"https:\/\/www.tcsl.fr\/#\/schema\/logo\/image\/"}}]}},"_links":{"self":[{"href":"https:\/\/www.tcsl.fr\/index.php\/wp-json\/wp\/v2\/pages\/861","targetHints":{"allow":["GET"]}}],"collection":[{"href":"https:\/\/www.tcsl.fr\/index.php\/wp-json\/wp\/v2\/pages"}],"about":[{"href":"https:\/\/www.tcsl.fr\/index.php\/wp-json\/wp\/v2\/types\/page"}],"author":[{"embeddable":true,"href":"https:\/\/www.tcsl.fr\/index.php\/wp-json\/wp\/v2\/users\/1"}],"replies":[{"embeddable":true,"href":"https:\/\/www.tcsl.fr\/index.php\/wp-json\/wp\/v2\/comments?post=861"}],"version-history":[{"count":7,"href":"https:\/\/www.tcsl.fr\/index.php\/wp-json\/wp\/v2\/pages\/861\/revisions"}],"predecessor-version":[{"id":7717,"href":"https:\/\/www.tcsl.fr\/index.php\/wp-json\/wp\/v2\/pages\/861\/revisions\/7717"}],"up":[{"embeddable":true,"href":"https:\/\/www.tcsl.fr\/index.php\/wp-json\/wp\/v2\/pages\/859"}],"wp:attachment":[{"href":"https:\/\/www.tcsl.fr\/index.php\/wp-json\/wp\/v2\/media?parent=861"}],"curies":[{"name":"wp","href":"https:\/\/api.w.org\/{rel}","templated":true}]}}